{"id":471,"date":"2016-06-07T10:33:22","date_gmt":"2016-06-07T10:33:22","guid":{"rendered":"http:\/\/www.vonsalm.de\/v1\/?page_id=471"},"modified":"2018-07-31T06:20:56","modified_gmt":"2018-07-31T06:20:56","slug":"dinslaken-joseph-von-eichendorff-strasse","status":"publish","type":"page","link":"https:\/\/www.vonsalm.de\/v1\/?page_id=471","title":{"rendered":"Dinslaken, Joseph-von-Eichendorff-Stra\u00dfe 19-21"},"content":{"rendered":"<div  class='tabcontainer av-av_tab_container-0bacd910096d11a3cec6dfb538798966 top_tab  avia-builder-el-0  avia-builder-el-no-sibling ' role='tablist'>\n<section class='av_tab_section av_tab_section av-av_tab-97a52a19ddb6efe2a32f6946d30107fa'  itemscope=\"itemscope\" itemtype=\"https:\/\/schema.org\/CreativeWork\" ><div class='tab active_tab' role='tab' tabindex='0' data-fake-id='#tab-id-1' aria-controls='tab-id-1-content'  itemprop=\"headline\" ><span class='tab_icon' aria-hidden='true' data-av_icon='\ue821' data-av_iconfont='entypo-fontello'><\/span>Dinslaken Joseph-von-Eichendorff-Stra\u00dfe<\/div><div id='tab-id-1-content' class='tab_content active_tab_content' aria-hidden=\"false\"><div class='tab_inner_content invers-color'  itemprop=\"text\" ><p><strong>Dinslaken<\/strong><br \/>\n<strong> Joseph-von-Eichendorff-Stra\u00dfe 19-21<\/strong><\/p>\n<p>11\u00a0attraktive Eigentumswohnungen<\/p>\n<p>Wohnfl\u00e4chen von 92\u00a0m\u00b2 bis 122\u00a0m\u00b2<br \/>\nab 239.900 \u20ac<\/p>\n<p><img loading=\"lazy\" decoding=\"async\" class=\"alignnone wp-image-317 size-full lazyload\" data-src=\"https:\/\/www.vonsalm.de\/v1\/wp-content\/uploads\/R\u00fcckansicht-Teil-1024x724.jpg\" alt=\"R\u00fcckansicht-Teil-1024x724\" width=\"1024\" height=\"724\" src=\"data:image\/gif;base64,R0lGODlhAQABAAAAACH5BAEKAAEALAAAAAABAAEAAAICTAEAOw==\" style=\"--smush-placeholder-width: 1024px; --smush-placeholder-aspect-ratio: 1024\/724;\" \/><noscript><img loading=\"lazy\" decoding=\"async\" class=\"alignnone wp-image-317 size-full\" src=\"https:\/\/www.vonsalm.de\/v1\/wp-content\/uploads\/R\u00fcckansicht-Teil-1024x724.jpg\" alt=\"R\u00fcckansicht-Teil-1024x724\" width=\"1024\" height=\"724\" \/><\/noscript><\/p>\n<p><section  class='av_textblock_section av-av_textblock-0366cc7376be6c9e82a3e9cc8987b64f'  itemscope=\"itemscope\" itemtype=\"https:\/\/schema.org\/CreativeWork\" ><div class='avia_textblock'  itemprop=\"text\" ><p>Nutzen Sie soziale Netzwerke und empfehlen Sie dieses Objekt an einen Bekannten:<\/p>\n<\/div><\/section><br \/>\n<\/p>\n<p><em><strong>Highlights<\/strong><\/em><\/p>\n<ul>\n<li>Beste Wohnlage\u00a0in einem modernen und famili\u00e4ren Umfeld.<\/li>\n<li>Modernes Architektenhaus mit klaren Formen\u00a0f\u00fcr ein Wohngef\u00fchl der Extra-Klasse.<\/li>\n<li>Hochwertige Ausstattung \u2013 damit Sie lange Freude an Ihrer Wohnung haben.<\/li>\n<li>Variable und gelungene Grundrisse\u00a0inklusive G\u00e4ste-WC.<\/li>\n<li>Beste Infrastruktur\u00a0mit Einrichtungen des t\u00e4glichen Bedarfs sowie<\/li>\n<li>Autobahnanbindung in Ihrer unmittelbaren N\u00e4he.<\/li>\n<li>Gro\u00dfe Fenster\u00a0f\u00fcr viel Licht und Luft in Ihren R\u00e4umen.<\/li>\n<li>Fu\u00dfbodenheizung\u00a0f\u00fcr Ihre individuelle Wohlf\u00fchltemperatur.<\/li>\n<li>Moderne Aufz\u00fcge\u00a0bringen Sie bequem und barrierefrei von der\u00a0Tiefgarage bis vor Ihre\u00a0 Wohnung.<\/li>\n<\/ul>\n<p><strong>F\u00fcr weitere Informationen senden wir Ihnen gerne unser ausf\u00fchrliches Expos\u00e9 zu.<br \/>\nSie k\u00f6nnen ein Expos\u00e9 ganz bequem <a href=\"#tab-id-5\">per E-Mail<\/a> anfordern.<\/strong><\/p>\n<\/div><\/div><\/section>\n<section class='av_tab_section av_tab_section av-av_tab-19deb1294fe03e94b332b0e13a3d3e81'  itemscope=\"itemscope\" itemtype=\"https:\/\/schema.org\/CreativeWork\" ><div class='tab' role='tab' tabindex='0' data-fake-id='#tab-id-2' aria-controls='tab-id-2-content'  itemprop=\"headline\" ><span class='tab_icon' aria-hidden='true' data-av_icon='\ue81f' data-av_iconfont='entypo-fontello'><\/span>Preise &amp; Grundrisse<\/div><div id='tab-id-2-content' class='tab_content' aria-hidden=\"true\"><div class='tab_inner_content invers-color'  itemprop=\"text\" ><div  class='avia-button-wrap av-av_button-82de53c39d7198af1ef8e17233204d74-wrap avia-button-left  avia-builder-el-3  el_after_av_sidebar  avia-builder-el-last ' ><a href='https:\/\/www.vonsalm.de\/v1\/wp-content\/uploads\/Preisliste-JvE-19-21-grundrisse.pdf'  class='avia-button av-av_button-82de53c39d7198af1ef8e17233204d74 avia-icon_select-yes-left-icon avia-size-medium avia-position-left avia-color-theme-color'  target=\"_blank\"  rel=\"noopener noreferrer\"><span class='avia_button_icon avia_button_icon_left' aria-hidden='true' data-av_icon='\ue835' data-av_iconfont='entypo-fontello'><\/span><span class='avia_iconbox_title' >PDF-Datei im Vollbildmodus \u00f6ffnen<\/span><\/a><\/div>\n<div style=\"float: left; line-height: 44px; font-weight: bold; margin-left: 15px; color: #880000;\">Dieses Objekt ist vollst\u00e4ndig verkauft.<\/div>\n<p><iframe loading=\"lazy\" style=\"width: 100%; height: 700px;\" data-src=\"https:\/\/docs.google.com\/gview?url=https:\/\/www.vonsalm.de\/v1\/wp-content\/uploads\/Preisliste-JvE-19-21-grundrisse.pdf&amp;embedded=true\" width=\"300\" height=\"150\" frameborder=\"0\" src=\"data:image\/gif;base64,R0lGODlhAQABAAAAACH5BAEKAAEALAAAAAABAAEAAAICTAEAOw==\" class=\"lazyload\" data-load-mode=\"1\"><\/iframe><\/p>\n<\/div><\/div><\/section>\n<section class='av_tab_section av_tab_section av-av_tab-e5e7179069bd52bb3367dd056c539887'  itemscope=\"itemscope\" itemtype=\"https:\/\/schema.org\/CreativeWork\" ><div class='tab' role='tab' tabindex='0' data-fake-id='#tab-id-3' aria-controls='tab-id-3-content'  itemprop=\"headline\" ><span class='tab_icon' aria-hidden='true' data-av_icon='\ue81f' data-av_iconfont='entypo-fontello'><\/span>Lageplan<\/div><div id='tab-id-3-content' class='tab_content' aria-hidden=\"true\"><div class='tab_inner_content invers-color'  itemprop=\"text\" ><p><iframe loading=\"lazy\" style=\"border: 0;\" data-src=\"https:\/\/www.google.com\/maps\/embed?pb=!1m18!1m12!1m3!1d1240.156063632361!2d6.718727999999998!3d51.569949!2m3!1f0!2f0!3f0!3m2!1i1024!2i768!4f13.1!3m3!1m2!1s0x47b896ae9f42b933%3A0xbb340f94b0e8a554!2sJoseph-von-Eichendorff-Stra%C3%9Fe%2C+46537+Dinslaken%2C+Deutschland!5e0!3m2!1sde!2suk!4v1461247451593\" width=\"100%\" height=\"450\" frameborder=\"0\" allowfullscreen=\"allowfullscreen\" src=\"data:image\/gif;base64,R0lGODlhAQABAAAAACH5BAEKAAEALAAAAAABAAEAAAICTAEAOw==\" class=\"lazyload\" data-load-mode=\"1\"><\/iframe><\/p>\n<p><iframe loading=\"lazy\" style=\"border: 0;\" data-src=\"https:\/\/www.google.com\/maps\/embed?pb=!1m18!1m12!1m3!1d925.2675099552807!2d6.718144173250567!3d51.57000157803691!2m3!1f0!2f0!3f0!3m2!1i1024!2i768!4f13.1!3m3!1m2!1s0x47b896ae9f42b933%3A0xbb340f94b0e8a554!2sJoseph-von-Eichendorff-Stra%C3%9Fe%2C+46537+Dinslaken%2C+Deutschland!5e1!3m2!1sde!2suk!4v1448627458176\" width=\"100%\" height=\"450\" frameborder=\"0\" allowfullscreen=\"allowfullscreen\" src=\"data:image\/gif;base64,R0lGODlhAQABAAAAACH5BAEKAAEALAAAAAABAAEAAAICTAEAOw==\" class=\"lazyload\" data-load-mode=\"1\"><\/iframe><\/p>\n<\/div><\/div><\/section>\n<section class='av_tab_section av_tab_section av-av_tab-1583b3d60931b3f7ef87db75d4d0070f'  itemscope=\"itemscope\" itemtype=\"https:\/\/schema.org\/CreativeWork\" ><div class='tab' role='tab' tabindex='0' data-fake-id='#tab-id-4' aria-controls='tab-id-4-content'  itemprop=\"headline\" ><span class='tab_icon' aria-hidden='true' data-av_icon='\ue80e' data-av_iconfont='entypo-fontello'><\/span>Weitere Bilder<\/div><div id='tab-id-4-content' class='tab_content' aria-hidden=\"true\"><div class='tab_inner_content invers-color'  itemprop=\"text\" ><p><a href=\"https:\/\/www.vonsalm.de\/v1\/wp-content\/uploads\/Vorderansicht1-1024x578.jpg\"><img loading=\"lazy\" decoding=\"async\" class=\"alignnone wp-image-322 lazyload\" data-src=\"https:\/\/www.vonsalm.de\/v1\/wp-content\/uploads\/Vorderansicht1-1024x578-300x169.jpg\" alt=\"Vorderansicht1-1024x578\" width=\"354\" height=\"200\" src=\"data:image\/gif;base64,R0lGODlhAQABAAAAACH5BAEKAAEALAAAAAABAAEAAAICTAEAOw==\" style=\"--smush-placeholder-width: 354px; --smush-placeholder-aspect-ratio: 354\/200;\" \/><noscript><img loading=\"lazy\" decoding=\"async\" class=\"alignnone wp-image-322\" src=\"https:\/\/www.vonsalm.de\/v1\/wp-content\/uploads\/Vorderansicht1-1024x578-300x169.jpg\" alt=\"Vorderansicht1-1024x578\" width=\"354\" height=\"200\" \/><\/noscript><\/a>\u00a0<a href=\"https:\/\/www.vonsalm.de\/v1\/wp-content\/uploads\/R\u00fcckansicht-Teil-1024x724.jpg\"><img loading=\"lazy\" decoding=\"async\" class=\"alignnone wp-image-317 lazyload\" data-src=\"https:\/\/www.vonsalm.de\/v1\/wp-content\/uploads\/R\u00fcckansicht-Teil-1024x724-300x212.jpg\" alt=\"R\u00fcckansicht-Teil-1024x724\" width=\"283\" height=\"200\" src=\"data:image\/gif;base64,R0lGODlhAQABAAAAACH5BAEKAAEALAAAAAABAAEAAAICTAEAOw==\" style=\"--smush-placeholder-width: 283px; --smush-placeholder-aspect-ratio: 283\/200;\" \/><noscript><img loading=\"lazy\" decoding=\"async\" class=\"alignnone wp-image-317\" src=\"https:\/\/www.vonsalm.de\/v1\/wp-content\/uploads\/R\u00fcckansicht-Teil-1024x724-300x212.jpg\" alt=\"R\u00fcckansicht-Teil-1024x724\" width=\"283\" height=\"200\" \/><\/noscript><\/a><\/p>\n<\/div><\/div><\/section>\n<section class='av_tab_section av_tab_section av-av_tab-0715596ce1db895ab2281407232f2c1b'  itemscope=\"itemscope\" itemtype=\"https:\/\/schema.org\/CreativeWork\" ><div class='tab' role='tab' tabindex='0' data-fake-id='#tab-id-5' aria-controls='tab-id-5-content'  itemprop=\"headline\" ><span class='tab_icon' aria-hidden='true' data-av_icon='\ue805' data-av_iconfont='entypo-fontello'><\/span>Sofortkontakt<\/div><div id='tab-id-5-content' class='tab_content' aria-hidden=\"true\"><div class='tab_inner_content invers-color'  itemprop=\"text\" ><p><strong><em><img loading=\"lazy\" decoding=\"async\" class=\"alignleft size-medium wp-image-325 lazyload\" data-src=\"https:\/\/www.vonsalm.de\/v1\/wp-content\/uploads\/2016\/05\/2015-09.-Verena-Kroppach1-200x300-200x300.jpg\" alt=\"Verena-Kroppach\" width=\"200\" height=\"300\" src=\"data:image\/gif;base64,R0lGODlhAQABAAAAACH5BAEKAAEALAAAAAABAAEAAAICTAEAOw==\" style=\"--smush-placeholder-width: 200px; --smush-placeholder-aspect-ratio: 200\/300;\" \/><noscript><img loading=\"lazy\" decoding=\"async\" class=\"alignleft size-medium wp-image-325\" src=\"https:\/\/www.vonsalm.de\/v1\/wp-content\/uploads\/2016\/05\/2015-09.-Verena-Kroppach1-200x300-200x300.jpg\" alt=\"Verena-Kroppach\" width=\"200\" height=\"300\" \/><\/noscript>Neubauplanungsgesellschaft<br \/>\nvon Salm-Hoogstraeten mbH<br \/>\nClaudiastr. 53<br \/>\n46537 Dinslaken<br \/>\nTelefon 02064-4277-16<br \/>\nTelefax \/<br \/>\nwww.vonSalm.de<br \/>\nIhr Ansprechpartnerin:<img loading=\"lazy\" decoding=\"async\" data-src=\"https:\/\/www.nbp-vonsalm.de\/cms\/wp-content\/uploads\/platzhalter.jpg\" alt=\"platzhalter\" width=\"11\" height=\"19\" border=\"0\" src=\"data:image\/gif;base64,R0lGODlhAQABAAAAACH5BAEKAAEALAAAAAABAAEAAAICTAEAOw==\" class=\"lazyload\" style=\"--smush-placeholder-width: 11px; --smush-placeholder-aspect-ratio: 11\/19;\" \/><noscript><img loading=\"lazy\" decoding=\"async\" class=\"\" src=\"https:\/\/www.nbp-vonsalm.de\/cms\/wp-content\/uploads\/platzhalter.jpg\" alt=\"platzhalter\" width=\"11\" height=\"19\" border=\"0\" \/><\/noscript><br \/>\nVerena Kroppach<br \/>\n<a href=\"mailto:Verena.Kroppach@vonSalm.de\">Verena.Kroppach@vonSalm.de<\/a><br \/>\n<\/em><\/strong><\/p>\n<hr \/>\n<p><strong>Sofortkontakt<\/strong><\/p>\n<div role=\"form\" class=\"wpcf7\" id=\"wpcf7-f480-o1\" lang=\"de-DE\" dir=\"ltr\">\n<div class=\"screen-reader-response\"><p role=\"status\" aria-live=\"polite\" aria-atomic=\"true\"><\/p> <ul><\/ul><\/div>\n<form action=\"\/v1\/index.php?rest_route=%2Fwp%2Fv2%2Fpages%2F471#wpcf7-f480-o1\" method=\"post\" class=\"wpcf7-form init\" novalidate=\"novalidate\" data-status=\"init\">\n<div style=\"display: none;\">\n<input type=\"hidden\" name=\"_wpcf7\" value=\"480\" \/>\n<input type=\"hidden\" name=\"_wpcf7_version\" value=\"5.3.2\" \/>\n<input type=\"hidden\" name=\"_wpcf7_locale\" value=\"de_DE\" \/>\n<input type=\"hidden\" name=\"_wpcf7_unit_tag\" value=\"wpcf7-f480-o1\" \/>\n<input type=\"hidden\" name=\"_wpcf7_container_post\" value=\"0\" \/>\n<input type=\"hidden\" name=\"_wpcf7_posted_data_hash\" value=\"\" \/>\n<\/div>\n<p>Ihr Name (Pflichtfeld)<br \/>\n    <span class=\"wpcf7-form-control-wrap your-name\"><input type=\"text\" name=\"your-name\" value=\"\" size=\"40\" class=\"wpcf7-form-control wpcf7-text wpcf7-validates-as-required\" aria-required=\"true\" aria-invalid=\"false\" \/><\/span> <\/p>\n<p>Ihre E-Mail-Adresse (Pflichtfeld)<br \/>\n    <span class=\"wpcf7-form-control-wrap your-email\"><input type=\"email\" name=\"your-email\" value=\"@\" size=\"40\" class=\"wpcf7-form-control wpcf7-text wpcf7-email wpcf7-validates-as-required wpcf7-validates-as-email\" aria-required=\"true\" aria-invalid=\"false\" \/><\/span> <\/p>\n<p>Betreff (Pflichtfeld)<br \/>\n    <span class=\"wpcf7-form-control-wrap your-subject\"><input type=\"text\" name=\"your-subject\" value=\"\" size=\"40\" class=\"wpcf7-form-control wpcf7-text wpcf7-validates-as-required\" aria-required=\"true\" aria-invalid=\"false\" \/><\/span> <\/p>\n<p>Ihre Telefonnummer <br \/>\n    <span class=\"wpcf7-form-control-wrap tel\"><input type=\"text\" name=\"tel\" value=\"\" size=\"40\" class=\"wpcf7-form-control wpcf7-text\" aria-invalid=\"false\" \/><\/span> <\/p>\n<p>Ihre Anschrift <br \/>\n    <span class=\"wpcf7-form-control-wrap anschrift\"><input type=\"text\" name=\"anschrift\" value=\"\" size=\"40\" class=\"wpcf7-form-control wpcf7-text\" aria-invalid=\"false\" \/><\/span> <\/p>\n<p>Ihre Nachricht<br \/>\n    <span class=\"wpcf7-form-control-wrap your-message\"><textarea name=\"your-message\" cols=\"40\" rows=\"10\" class=\"wpcf7-form-control wpcf7-textarea\" aria-invalid=\"false\"><\/textarea><\/span> <\/p>\n<p>M\u00f6chten Sie ein ausf\u00fchrliches Expos\u00e9 erhalten?<\/p>\n<p><span class=\"wpcf7-form-control-wrap menu-727\"><select name=\"menu-727\" class=\"wpcf7-form-control wpcf7-select\" aria-invalid=\"false\"><option value=\"Bitte ausw\u00e4hlen...\">Bitte ausw\u00e4hlen...<\/option><option value=\"Ja (bitte postalische Anschrift oben angeben)\">Ja (bitte postalische Anschrift oben angeben)<\/option><option value=\"Nein\">Nein<\/option><\/select><\/span><\/p>\n<p>Name des Objekts<br \/>\n    <span class=\"wpcf7-form-control-wrap text-240\"><input type=\"text\" name=\"text-240\" value=\"\" size=\"40\" class=\"wpcf7-form-control wpcf7-text\" aria-invalid=\"false\" \/><\/span> <\/p>\n<p><span class=\"wpcf7-form-control-wrap kc_captcha\"><span class=\"wpcf7-form-control wpcf7-radio\"> \n    <span class=\"captcha-image\" >\n        <span class=\"cf7ic_instructions\">Bitte beweise, dass du kein Spambot bist und w\u00e4hle das Symbol<span> Tasse<\/span> aus.<\/span><label><input type=\"radio\" name=\"kc_captcha\" value=\"kc_human\" \/><svg width=\"50px\" height=\"50px\" aria-hidden=\"true\" role=\"img\" xmlns=\"http:\/\/www.w3.org\/2000\/svg\" viewBox=\"0 0 640 512\"><path fill=\"currentColor\" d=\"M192 384h192c53 0 96-43 96-96h32c70.6 0 128-57.4 128-128S582.6 32 512 32H120c-13.3 0-24 10.7-24 24v232c0 53 43 96 96 96zM512 96c35.3 0 64 28.7 64 64s-28.7 64-64 64h-32V96h32zm47.7 384H48.3c-47.6 0-61-64-36-64h583.3c25 0 11.8 64-35.9 64z\"><\/path><\/svg><\/label><label><input type=\"radio\" name=\"kc_captcha\" value=\"bot\" \/><svg width=\"50px\" height=\"50px\" aria-hidden=\"true\" role=\"img\" xmlns=\"http:\/\/www.w3.org\/2000\/svg\" viewBox=\"0 0 512 512\"><path fill=\"currentColor\" d=\"M349.565 98.783C295.978 98.783 251.721 64 184.348 64c-24.955 0-47.309 4.384-68.045 12.013a55.947 55.947 0 0 0 3.586-23.562C118.117 24.015 94.806 1.206 66.338.048 34.345-1.254 8 24.296 8 56c0 19.026 9.497 35.825 24 45.945V488c0 13.255 10.745 24 24 24h16c13.255 0 24-10.745 24-24v-94.4c28.311-12.064 63.582-22.122 114.435-22.122 53.588 0 97.844 34.783 165.217 34.783 48.169 0 86.667-16.294 122.505-40.858C506.84 359.452 512 349.571 512 339.045v-243.1c0-23.393-24.269-38.87-45.485-29.016-34.338 15.948-76.454 31.854-116.95 31.854z\"><\/path><\/svg><\/label><label><input type=\"radio\" name=\"kc_captcha\" value=\"bot\" \/><svg width=\"50px\" height=\"50px\" aria-hidden=\"true\" role=\"img\" xmlns=\"http:\/\/www.w3.org\/2000\/svg\" viewBox=\"0 0 576 512\"><path fill=\"currentColor\" d=\"M472 200H360.211L256.013 5.711A12 12 0 0 0 245.793 0h-57.787c-7.85 0-13.586 7.413-11.616 15.011L209.624 200H99.766l-34.904-58.174A12 12 0 0 0 54.572 136H12.004c-7.572 0-13.252 6.928-11.767 14.353l21.129 105.648L.237 361.646c-1.485 7.426 4.195 14.354 11.768 14.353l42.568-.002c4.215 0 8.121-2.212 10.289-5.826L99.766 312h109.858L176.39 496.989c-1.97 7.599 3.766 15.011 11.616 15.011h57.787a12 12 0 0 0 10.22-5.711L360.212 312H472c57.438 0 104-25.072 104-56s-46.562-56-104-56z\"><\/path><\/svg><\/label>\n    <\/span>\n    <span style=\"display:none\">\n        <input type=\"text\" name=\"kc_honeypot\">\n    <\/span><\/span><\/span><\/p>\n<p><span class=\"wpcf7-form-control-wrap datenschutz_aktuell\"><span class=\"wpcf7-form-control wpcf7-acceptance\"><span class=\"wpcf7-list-item\"><input type=\"checkbox\" name=\"datenschutz_aktuell\" value=\"1\" aria-invalid=\"false\" \/><\/span><\/span><\/span> <strong>Einwilligungserkl\u00e4rung Datenschutz<\/strong><br\/><br \/>\nJa, ich habe die <a href=\"https:\/\/www.vonsalm.de\/v1\/?page_id=467\" target=\"_blank\">Datenschutzerkl\u00e4rung<\/a> zur Kenntnis genommen und bin damit einverstanden, dass die von mir angegebenen Daten elektronisch erhoben und gespeichert werden. Meine Daten werden dabei nur streng zweckgebunden zur Bearbeitung und Beantwortung meiner Anfrage benutzt.\n<\/p>\n<p><input type=\"submit\" value=\"Senden\" class=\"wpcf7-form-control wpcf7-submit\" \/><\/p>\n<div class=\"wpcf7-response-output\" aria-hidden=\"true\"><\/div><\/form><\/div>\n<\/div><\/div><\/section>\n<\/div>\n","protected":false},"excerpt":{"rendered":"","protected":false},"author":1,"featured_media":0,"parent":0,"menu_order":0,"comment_status":"closed","ping_status":"closed","template":"","meta":{"footnotes":""},"class_list":["post-471","page","type-page","status-publish","hentry"],"aioseo_notices":[],"_links":{"self":[{"href":"https:\/\/www.vonsalm.de\/v1\/index.php?rest_route=\/wp\/v2\/pages\/471","targetHints":{"allow":["GET"]}}],"collection":[{"href":"https:\/\/www.vonsalm.de\/v1\/index.php?rest_route=\/wp\/v2\/pages"}],"about":[{"href":"https:\/\/www.vonsalm.de\/v1\/index.php?rest_route=\/wp\/v2\/types\/page"}],"author":[{"embeddable":true,"href":"https:\/\/www.vonsalm.de\/v1\/index.php?rest_route=\/wp\/v2\/users\/1"}],"replies":[{"embeddable":true,"href":"https:\/\/www.vonsalm.de\/v1\/index.php?rest_route=%2Fwp%2Fv2%2Fcomments&post=471"}],"version-history":[{"count":61,"href":"https:\/\/www.vonsalm.de\/v1\/index.php?rest_route=\/wp\/v2\/pages\/471\/revisions"}],"predecessor-version":[{"id":2648,"href":"https:\/\/www.vonsalm.de\/v1\/index.php?rest_route=\/wp\/v2\/pages\/471\/revisions\/2648"}],"wp:attachment":[{"href":"https:\/\/www.vonsalm.de\/v1\/index.php?rest_route=%2Fwp%2Fv2%2Fmedia&parent=471"}],"curies":[{"name":"wp","href":"https:\/\/api.w.org\/{rel}","templated":true}]}}