{"id":3795,"date":"2021-08-27T04:48:50","date_gmt":"2021-08-27T04:48:50","guid":{"rendered":"https:\/\/www.vonsalm.de\/v1\/?page_id=3795"},"modified":"2022-09-30T14:02:24","modified_gmt":"2022-09-30T14:02:24","slug":"essen-kamperfeld-46","status":"publish","type":"page","link":"https:\/\/www.vonsalm.de\/v1\/?page_id=3795","title":{"rendered":"Essen, Kamperfeld 46"},"content":{"rendered":"<section  class='av_textblock_section av-t9po6f-c4321ea8e8b5d3ef023d6802f31263de'  itemscope=\"itemscope\" itemtype=\"https:\/\/schema.org\/CreativeWork\" ><div class='avia_textblock'  itemprop=\"text\" ><\/div><\/section>\n<section  class='av_textblock_section av-qwp6pj-cb4a81cc129661d34213a5748d8c16fe'  itemscope=\"itemscope\" itemtype=\"https:\/\/schema.org\/CreativeWork\" ><div class='avia_textblock'  itemprop=\"text\" >\n<\/div><\/section>\n<div  class='togglecontainer av-paopiv-0889a9eb79eb91a235361d2df7281501  avia-builder-el-2  el_after_av_textblock  el_before_av_hr  toggle_close_all' >\n<section class='av_toggle_section av-av_toggle-e5208cb31a609d752490558c8d0008b2'  itemscope=\"itemscope\" itemtype=\"https:\/\/schema.org\/CreativeWork\" ><div role=\"tablist\" class=\"single_toggle\" data-tags=\"{Alle} \"  ><p data-fake-id='#toggle-id-1' class='toggler   '  itemprop=\"headline\"  role='tab' tabindex='0' aria-controls='toggle-id-1'>Objekt<span class=\"toggle_icon\"><span class=\"vert_icon\"><\/span><span class=\"hor_icon\"><\/span><\/span><\/p><div id='toggle-id-1' class='toggle_wrap  '  ><div class='toggle_content invers-color '  itemprop=\"text\" ><div class=\"eds-animate edsanimate-sis-hidden \" data-eds-entry-animation=\"fadeIn\" data-eds-entry-delay=\"2.0\" data-eds-entry-duration=\"3.0\" data-eds-entry-timing=\"linear\" data-eds-exit-animation=\"\" data-eds-exit-delay=\"\" data-eds-exit-duration=\"\" data-eds-exit-timing=\"\" data-eds-repeat-count=\"1\" data-eds-keep=\"yes\" data-eds-animate-on=\"load\" data-eds-scroll-offset=\"\">\n<p>Infos zum Objekt:<\/p>\n<p><strong>Solide und werthaltige Massivbauqualit\u00e4t!<\/strong><\/p>\n<p>Wir arbeiten mit erfahrenen Architekten und Bauleitern f\u00fcr h\u00f6chste Anspr\u00fcche zusammen.<\/p>\n<p><strong>Sie brauchen Platz, Sie bekommen Platz!<\/strong><\/p>\n<p>Im Keller verstauen Sie schnell und bequem die zwar ben\u00f6tigten aber unliebsamen Dinge des Alltags.<\/p>\n<p>Alle H\u00e4user werden voll unterkellert (WU-Beton)<\/p>\n<p><strong>Moderne Wohnungst\u00fcren!<\/strong><\/p>\n<p>Mit einer repr\u00e4sentativen H\u00f6he von 2,11 m.<\/p>\n<p><strong>Sonne oder Schatten &#8211; morgens oder abends!<\/strong><\/p>\n<p>Jedes Haus erh\u00e4lt zwei Terrassen, so entscheiden Sie.<\/p>\n<p><strong><br \/>\nOptimale Temperaturen in allen R\u00e4umen!<\/strong><\/p>\n<p>Sie erreichen diese durch die moderne Fu\u00dfbodenheizung &#8211; so erstellen Sie schnell und einfach Ihr eigenes Wohlf\u00fchlklima.<\/p>\n<p><strong><br \/>\nModerne Haustechnik<\/strong><\/p>\n<p>W\u00e4rmepumpe und Erf\u00fcllung des aktuellen KfW 55 Standards<br \/>\nProfitieren Sie von den aktuell hohen F\u00f6rderungsm\u00f6glichkeiten<\/p>\n<p><strong>\u00a0<\/strong><\/p>\n<p><strong>Provisionsfrei!<\/strong><\/p>\n<p>Direkt vom Bautr\u00e4ger.<\/p>\n<p><a href=\"https:\/\/www.vonsalm.de\/v1\/wp-content\/uploads\/Kamperfeld-1.jpg\"><img loading=\"lazy\" decoding=\"async\" class=\"alignnone size-portfolio wp-image-3798 lazyload\" data-src=\"https:\/\/www.vonsalm.de\/v1\/wp-content\/uploads\/Kamperfeld-1-495x400.jpg\" alt=\"\" width=\"495\" height=\"400\" src=\"data:image\/gif;base64,R0lGODlhAQABAAAAACH5BAEKAAEALAAAAAABAAEAAAICTAEAOw==\" style=\"--smush-placeholder-width: 495px; --smush-placeholder-aspect-ratio: 495\/400;\" \/><noscript><img loading=\"lazy\" decoding=\"async\" class=\"alignnone size-portfolio wp-image-3798\" src=\"https:\/\/www.vonsalm.de\/v1\/wp-content\/uploads\/Kamperfeld-1-495x400.jpg\" alt=\"\" width=\"495\" height=\"400\" \/><\/noscript><\/a> <a href=\"https:\/\/www.vonsalm.de\/v1\/wp-content\/uploads\/Kamperfeld-2.jpg\"><img loading=\"lazy\" decoding=\"async\" class=\"alignnone size-portfolio wp-image-3799 lazyload\" data-src=\"https:\/\/www.vonsalm.de\/v1\/wp-content\/uploads\/Kamperfeld-2-495x400.jpg\" alt=\"\" width=\"495\" height=\"400\" data-srcset=\"https:\/\/www.vonsalm.de\/v1\/wp-content\/uploads\/Kamperfeld-2-495x400.jpg 495w, https:\/\/www.vonsalm.de\/v1\/wp-content\/uploads\/Kamperfeld-2-845x684.jpg 845w\" data-sizes=\"auto, (max-width: 495px) 100vw, 495px\" src=\"data:image\/gif;base64,R0lGODlhAQABAAAAACH5BAEKAAEALAAAAAABAAEAAAICTAEAOw==\" style=\"--smush-placeholder-width: 495px; --smush-placeholder-aspect-ratio: 495\/400;\" \/><noscript><img loading=\"lazy\" decoding=\"async\" class=\"alignnone size-portfolio wp-image-3799\" src=\"https:\/\/www.vonsalm.de\/v1\/wp-content\/uploads\/Kamperfeld-2-495x400.jpg\" alt=\"\" width=\"495\" height=\"400\" srcset=\"https:\/\/www.vonsalm.de\/v1\/wp-content\/uploads\/Kamperfeld-2-495x400.jpg 495w, https:\/\/www.vonsalm.de\/v1\/wp-content\/uploads\/Kamperfeld-2-845x684.jpg 845w\" sizes=\"auto, (max-width: 495px) 100vw, 495px\" \/><\/noscript><\/a> <a href=\"https:\/\/www.vonsalm.de\/v1\/wp-content\/uploads\/Kamperfeld-3.jpg\"><img loading=\"lazy\" decoding=\"async\" class=\"alignnone size-portfolio wp-image-3800 lazyload\" data-src=\"https:\/\/www.vonsalm.de\/v1\/wp-content\/uploads\/Kamperfeld-3-495x400.jpg\" alt=\"\" width=\"495\" height=\"400\" src=\"data:image\/gif;base64,R0lGODlhAQABAAAAACH5BAEKAAEALAAAAAABAAEAAAICTAEAOw==\" style=\"--smush-placeholder-width: 495px; --smush-placeholder-aspect-ratio: 495\/400;\" \/><noscript><img loading=\"lazy\" decoding=\"async\" class=\"alignnone size-portfolio wp-image-3800\" src=\"https:\/\/www.vonsalm.de\/v1\/wp-content\/uploads\/Kamperfeld-3-495x400.jpg\" alt=\"\" width=\"495\" height=\"400\" \/><\/noscript><\/a> <a href=\"https:\/\/www.vonsalm.de\/v1\/wp-content\/uploads\/Kamperfeld-4.jpg\"><img loading=\"lazy\" decoding=\"async\" class=\"alignnone size-portfolio wp-image-3801 lazyload\" data-src=\"https:\/\/www.vonsalm.de\/v1\/wp-content\/uploads\/Kamperfeld-4-495x400.jpg\" alt=\"\" width=\"495\" height=\"400\" src=\"data:image\/gif;base64,R0lGODlhAQABAAAAACH5BAEKAAEALAAAAAABAAEAAAICTAEAOw==\" style=\"--smush-placeholder-width: 495px; --smush-placeholder-aspect-ratio: 495\/400;\" \/><noscript><img loading=\"lazy\" decoding=\"async\" class=\"alignnone size-portfolio wp-image-3801\" src=\"https:\/\/www.vonsalm.de\/v1\/wp-content\/uploads\/Kamperfeld-4-495x400.jpg\" alt=\"\" width=\"495\" height=\"400\" \/><\/noscript><\/a><\/p>\n<\/div>\n<\/div><\/div><\/div><\/section>\n<section class='av_toggle_section av-lzwawn-a5cd7f5399cdac4d76bc1c80bf89e45e'  itemscope=\"itemscope\" itemtype=\"https:\/\/schema.org\/CreativeWork\" ><div role=\"tablist\" class=\"single_toggle\" data-tags=\"{Alle} \"  ><p data-fake-id='#toggle-id-2' class='toggler   '  itemprop=\"headline\"  role='tab' tabindex='0' aria-controls='toggle-id-2'>Video<span class=\"toggle_icon\"><span class=\"vert_icon\"><\/span><span class=\"hor_icon\"><\/span><\/span><\/p><div id='toggle-id-2' class='toggle_wrap  '  ><div class='toggle_content invers-color '  itemprop=\"text\" ><div style=\"width: 640px;\" class=\"wp-video\"><!--[if lt IE 9]><script>document.createElement('video');<\/script><![endif]-->\n<video class=\"wp-video-shortcode\" id=\"video-3795-1\" width=\"640\" height=\"360\" preload=\"metadata\" controls=\"controls\"><source type=\"video\/mp4\" src=\"https:\/\/www.vonsalm.de\/v1\/wp-content\/uploads\/ds27.mp4?_=1\" \/><a href=\"https:\/\/www.vonsalm.de\/v1\/wp-content\/uploads\/ds27.mp4\">https:\/\/www.vonsalm.de\/v1\/wp-content\/uploads\/ds27.mp4<\/a><\/video><\/div>\n<\/div><\/div><\/div><\/section>\n<section class='av_toggle_section av-2131fn-1bf0a930c008a36c78007c62a1488989'  itemscope=\"itemscope\" itemtype=\"https:\/\/schema.org\/CreativeWork\" ><div role=\"tablist\" class=\"single_toggle\" data-tags=\"{Alle} \"  ><p data-fake-id='#toggle-id-3' class='toggler   '  itemprop=\"headline\"  role='tab' tabindex='0' aria-controls='toggle-id-3'>Karte<span class=\"toggle_icon\"><span class=\"vert_icon\"><\/span><span class=\"hor_icon\"><\/span><\/span><\/p><div id='toggle-id-3' class='toggle_wrap  '  ><div class='toggle_content invers-color '  itemprop=\"text\" ><p><iframe loading=\"lazy\" style=\"border: 0;\" data-src=\"https:\/\/www.google.com\/maps\/embed?pb=!1m18!1m12!1m3!1d2488.536606016059!2d6.9713176150511!3d51.41156872552759!2m3!1f0!2f0!3f0!3m2!1i1024!2i768!4f13.1!3m3!1m2!1s0x47b8c36ce85f9d87%3A0xed1ecbf17da031a6!2sKamperfeld%2046%2C%2045133%20Essen%2C%20Deutschland!5e0!3m2!1sde!2spt!4v1633684854772!5m2!1sde!2spt\" width=\"100%\" height=\"450\" allowfullscreen=\"allowfullscreen\" src=\"data:image\/gif;base64,R0lGODlhAQABAAAAACH5BAEKAAEALAAAAAABAAEAAAICTAEAOw==\" class=\"lazyload\" data-load-mode=\"1\"><\/iframe><\/p>\n<\/div><\/div><\/div><\/section>\n<section class='av_toggle_section av-gydnzr-96690d5868f006f55842efb35114182e'  itemscope=\"itemscope\" itemtype=\"https:\/\/schema.org\/CreativeWork\" ><div role=\"tablist\" class=\"single_toggle\" data-tags=\"{Alle} \"  ><p data-fake-id='#toggle-id-4' class='toggler   '  itemprop=\"headline\"  role='tab' tabindex='0' aria-controls='toggle-id-4'>Kontakt<span class=\"toggle_icon\"><span class=\"vert_icon\"><\/span><span class=\"hor_icon\"><\/span><\/span><\/p><div id='toggle-id-4' class='toggle_wrap  '  ><div class='toggle_content invers-color '  itemprop=\"text\" ><p><strong><em><img loading=\"lazy\" decoding=\"async\" class=\"alignleft size-medium wp-image-325 lazyload\" data-src=\"https:\/\/www.vonsalm.de\/v1\/wp-content\/uploads\/2016\/05\/2015-09.-Verena-Kroppach1-200x300-200x300.jpg\" alt=\"Verena-Kroppach\" width=\"200\" height=\"300\" src=\"data:image\/gif;base64,R0lGODlhAQABAAAAACH5BAEKAAEALAAAAAABAAEAAAICTAEAOw==\" style=\"--smush-placeholder-width: 200px; --smush-placeholder-aspect-ratio: 200\/300;\" \/><noscript><img loading=\"lazy\" decoding=\"async\" class=\"alignleft size-medium wp-image-325\" src=\"https:\/\/www.vonsalm.de\/v1\/wp-content\/uploads\/2016\/05\/2015-09.-Verena-Kroppach1-200x300-200x300.jpg\" alt=\"Verena-Kroppach\" width=\"200\" height=\"300\" \/><\/noscript>Neubauplanungsgesellschaft<br \/>\nvon Salm-Hoogstraeten mbH<br \/>\nClaudiastr. 53<br \/>\n46537 Dinslaken<br \/>\nTelefon 02064-4277-16<br \/>\nTelefax \/<br \/>\nwww.vonSalm.de<br \/>\nIhr Ansprechpartnerin:<br \/>\nVerena Kroppach<br \/>\n<a href=\"mailto:Verena.Kroppach@vonSalm.de\">Verena.Kroppach@vonSalm.de<\/a><\/em><\/strong><\/p>\n<hr \/>\n<div role=\"form\" class=\"wpcf7\" id=\"wpcf7-f479-o1\" lang=\"de-DE\" dir=\"ltr\">\n<div class=\"screen-reader-response\"><p role=\"status\" aria-live=\"polite\" aria-atomic=\"true\"><\/p> <ul><\/ul><\/div>\n<form action=\"\/v1\/index.php?rest_route=%2Fwp%2Fv2%2Fpages%2F3795#wpcf7-f479-o1\" method=\"post\" class=\"wpcf7-form init\" novalidate=\"novalidate\" data-status=\"init\">\n<div style=\"display: none;\">\n<input type=\"hidden\" name=\"_wpcf7\" value=\"479\" \/>\n<input type=\"hidden\" name=\"_wpcf7_version\" value=\"5.3.2\" \/>\n<input type=\"hidden\" name=\"_wpcf7_locale\" value=\"de_DE\" \/>\n<input type=\"hidden\" name=\"_wpcf7_unit_tag\" value=\"wpcf7-f479-o1\" \/>\n<input type=\"hidden\" name=\"_wpcf7_container_post\" value=\"0\" \/>\n<input type=\"hidden\" name=\"_wpcf7_posted_data_hash\" value=\"\" \/>\n<\/div>\n<p><span class=\"wpcf7-form-control-wrap your-name\"><input type=\"text\" name=\"your-name\" value=\"\" size=\"40\" class=\"wpcf7-form-control wpcf7-text wpcf7-validates-as-required\" aria-required=\"true\" aria-invalid=\"false\" placeholder=\"Ihr Name (Pflichtfeld\" \/><\/span> <\/p>\n<p>    <span class=\"wpcf7-form-control-wrap your-email\"><input type=\"email\" name=\"your-email\" value=\"\" size=\"40\" class=\"wpcf7-form-control wpcf7-text wpcf7-email wpcf7-validates-as-required wpcf7-validates-as-email\" aria-required=\"true\" aria-invalid=\"false\" placeholder=\"Ihre Email (Pflichtfeld)\" \/><\/span> <\/p>\n<p>    <span class=\"wpcf7-form-control-wrap your-subject\"><input type=\"text\" name=\"your-subject\" value=\"\" size=\"40\" class=\"wpcf7-form-control wpcf7-text wpcf7-validates-as-required\" aria-required=\"true\" aria-invalid=\"false\" placeholder=\"Betreff (Pflichtfeld)\" \/><\/span> <\/p>\n<p>    <span class=\"wpcf7-form-control-wrap tel\"><input type=\"text\" name=\"tel\" value=\"\" size=\"40\" class=\"wpcf7-form-control wpcf7-text\" aria-invalid=\"false\" placeholder=\"Ihre Telefonnummer\" \/><\/span> <\/p>\n<p>    <span class=\"wpcf7-form-control-wrap anschrift\"><input type=\"text\" name=\"anschrift\" value=\"\" size=\"40\" class=\"wpcf7-form-control wpcf7-text\" aria-invalid=\"false\" placeholder=\"Ihre Anschrift\" \/><\/span> <\/p>\n<p>    <span class=\"wpcf7-form-control-wrap your-message\"><textarea name=\"your-message\" cols=\"40\" rows=\"10\" class=\"wpcf7-form-control wpcf7-textarea wpcf7-validates-as-required\" aria-required=\"true\" aria-invalid=\"false\" placeholder=\"Ihre Nachricht (Pflichtfeld)\"><\/textarea><\/span> <\/p>\n<p><span class=\"wpcf7-form-control-wrap kc_captcha\"><span class=\"wpcf7-form-control wpcf7-radio\"> \n    <span class=\"captcha-image\" >\n        <span class=\"cf7ic_instructions\">Bitte beweise, dass du kein Spambot bist und w\u00e4hle das Symbol<span> Stern<\/span> aus.<\/span><label><input type=\"radio\" name=\"kc_captcha\" value=\"bot\" \/><svg width=\"50px\" height=\"50px\" aria-hidden=\"true\" role=\"img\" xmlns=\"http:\/\/www.w3.org\/2000\/svg\" viewBox=\"0 0 576 512\"><path fill=\"currentColor\" d=\"M414.9 24C361.8 24 312 65.7 288 89.3 264 65.7 214.2 24 161.1 24 70.3 24 16 76.9 16 165.5c0 72.6 66.8 133.3 69.2 135.4l187 180.8c8.8 8.5 22.8 8.5 31.6 0l186.7-180.2c2.7-2.7 69.5-63.5 69.5-136C560 76.9 505.7 24 414.9 24z\"><\/path><\/svg><\/label><label><input type=\"radio\" name=\"kc_captcha\" value=\"kc_human\" \/><svg width=\"50px\" height=\"50px\" aria-hidden=\"true\" role=\"img\" xmlns=\"http:\/\/www.w3.org\/2000\/svg\" viewBox=\"0 0 576 512\"><path fill=\"currentColor\" d=\"M259.3 17.8L194 150.2 47.9 171.5c-26.2 3.8-36.7 36.1-17.7 54.6l105.7 103-25 145.5c-4.5 26.3 23.2 46 46.4 33.7L288 439.6l130.7 68.7c23.2 12.2 50.9-7.4 46.4-33.7l-25-145.5 105.7-103c19-18.5 8.5-50.8-17.7-54.6L382 150.2 316.7 17.8c-11.7-23.6-45.6-23.9-57.4 0z\"><\/path><\/svg><\/label><label><input type=\"radio\" name=\"kc_captcha\" value=\"bot\" \/><svg width=\"50px\" height=\"50px\" aria-hidden=\"true\" role=\"img\" xmlns=\"http:\/\/www.w3.org\/2000\/svg\" viewBox=\"0 0 512 512\"><path fill=\"currentColor\" d=\"M499.991 168h-54.815l-7.854-20.944c-9.192-24.513-25.425-45.351-46.942-60.263S343.651 64 317.472 64H194.528c-26.18 0-51.391 7.882-72.908 22.793-21.518 14.912-37.75 35.75-46.942 60.263L66.824 168H12.009c-8.191 0-13.974 8.024-11.384 15.795l8 24A12 12 0 0 0 20.009 216h28.815l-.052.14C29.222 227.093 16 247.997 16 272v48c0 16.225 6.049 31.029 16 42.309V424c0 13.255 10.745 24 24 24h48c13.255 0 24-10.745 24-24v-40h256v40c0 13.255 10.745 24 24 24h48c13.255 0 24-10.745 24-24v-61.691c9.951-11.281 16-26.085 16-42.309v-48c0-24.003-13.222-44.907-32.772-55.86l-.052-.14h28.815a12 12 0 0 0 11.384-8.205l8-24c2.59-7.771-3.193-15.795-11.384-15.795zm-365.388 1.528C143.918 144.689 168 128 194.528 128h122.944c26.528 0 50.61 16.689 59.925 41.528L391.824 208H120.176l14.427-38.472zM88 328c-17.673 0-32-14.327-32-32 0-17.673 14.327-32 32-32s48 30.327 48 48-30.327 16-48 16zm336 0c-17.673 0-48 1.673-48-16 0-17.673 30.327-48 48-48s32 14.327 32 32c0 17.673-14.327 32-32 32z\"><\/path><\/svg><\/label>\n    <\/span>\n    <span style=\"display:none\">\n        <input type=\"text\" name=\"kc_honeypot\">\n    <\/span><\/span><\/span><\/p>\n<p><span class=\"wpcf7-form-control-wrap datenschutz\"><span class=\"wpcf7-form-control wpcf7-acceptance\"><span class=\"wpcf7-list-item\"><input type=\"checkbox\" name=\"datenschutz\" value=\"1\" aria-invalid=\"false\" \/><\/span><\/span><\/span> <strong>Einwilligungserkl\u00e4rung Datenschutz<\/strong><br\/><br \/>\nJa, ich habe die <a href=\"https:\/\/www.vonsalm.de\/v1\/?page_id=467\" target=\"_blank\">Datenschutzerkl\u00e4rung<\/a> zur Kenntnis genommen und bin damit einverstanden, dass die von mir angegebenen Daten elektronisch erhoben und gespeichert werden. Meine Daten werden dabei nur streng zweckgebunden zur Bearbeitung und Beantwortung meiner Anfrage benutzt.\n<\/p>\n<p><input type=\"submit\" value=\"Senden\" class=\"wpcf7-form-control wpcf7-submit\" \/><\/p>\n<div class=\"wpcf7-response-output\" aria-hidden=\"true\"><\/div><\/form><\/div>\n<\/div><\/div><\/div><\/section>\n<\/div>\n<div  class='hr av-galedj-c226cc1979f19605db44d58975777285 hr-big  avia-builder-el-3  el_after_av_toggle_container  el_before_av_social_share '><span class='hr-inner '><span class=\"hr-inner-style\"><\/span><\/span><\/div>\n<div  class='av-social-sharing-box av-enh9pz-b361604e086e095c1a487e4badf7da80 av-social-sharing-box-default  avia-builder-el-4  el_after_av_hr  el_before_av_hr  av-social-sharing-box-fullwidth'><div class=\"av-share-box\"><h5 class='av-share-link-description av-no-toc '>Teile diesen Eintrag<\/h5><ul class=\"av-share-box-list noLightbox\"><li class='av-share-link av-social-link-facebook' ><a target=\"_blank\" aria-label=\"Teilen auf Facebook\" href='https:\/\/www.facebook.com\/sharer.php?u=https:\/\/www.vonsalm.de\/v1\/?page_id=3795&#038;t=Essen%2C%20Kamperfeld%2046' aria-hidden='false' data-av_icon='\ue8f3' data-av_iconfont='entypo-fontello' title='' data-avia-related-tooltip='Teilen auf Facebook' rel=\"noopener\"><span class='avia_hidden_link_text'>Teilen auf Facebook<\/span><\/a><\/li><li class='av-share-link av-social-link-twitter' ><a target=\"_blank\" aria-label=\"Teilen auf Twitter\" href='https:\/\/twitter.com\/share?text=Essen%2C%20Kamperfeld%2046&#038;url=https:\/\/www.vonsalm.de\/v1\/?p=3795' aria-hidden='false' data-av_icon='\ue8f1' data-av_iconfont='entypo-fontello' title='' data-avia-related-tooltip='Teilen auf Twitter' rel=\"noopener\"><span class='avia_hidden_link_text'>Teilen auf Twitter<\/span><\/a><\/li><li class='av-share-link av-social-link-pinterest' ><a target=\"_blank\" aria-label=\"Teilen auf Pinterest\" href='https:\/\/pinterest.com\/pin\/create\/button\/?url=https%3A%2F%2Fwww.vonsalm.de%2Fv1%2F%3Fpage_id%3D3795&#038;description=Essen%2C%20Kamperfeld%2046&#038;media=' aria-hidden='false' data-av_icon='\ue8f8' data-av_iconfont='entypo-fontello' title='' data-avia-related-tooltip='Teilen auf Pinterest' rel=\"noopener\"><span class='avia_hidden_link_text'>Teilen auf Pinterest<\/span><\/a><\/li><li class='av-share-link av-social-link-linkedin' ><a target=\"_blank\" aria-label=\"Teilen auf LinkedIn\" href='https:\/\/linkedin.com\/shareArticle?mini=true&#038;title=Essen%2C%20Kamperfeld%2046&#038;url=https:\/\/www.vonsalm.de\/v1\/?page_id=3795' aria-hidden='false' data-av_icon='\ue8fc' data-av_iconfont='entypo-fontello' title='' data-avia-related-tooltip='Teilen auf LinkedIn' rel=\"noopener\"><span class='avia_hidden_link_text'>Teilen auf LinkedIn<\/span><\/a><\/li><li class='av-share-link av-social-link-mail' ><a  aria-label=\"Per E-Mail teilen\" href='mailto:?subject=Essen%2C%20Kamperfeld%2046&#038;body=https:\/\/www.vonsalm.de\/v1\/?page_id=3795' aria-hidden='false' data-av_icon='\ue805' data-av_iconfont='entypo-fontello' title='' data-avia-related-tooltip='Per E-Mail teilen'><span class='avia_hidden_link_text'>Per E-Mail teilen<\/span><\/a><\/li><\/ul><\/div><\/div>\n<div  class='hr av-cwa3uv-cc248ae38b32d0f040c70887db7b4787 hr-big  avia-builder-el-5  el_after_av_social_share  el_before_av_one_third '><span class='hr-inner '><span class=\"hr-inner-style\"><\/span><\/span><\/div>\n\n<style type=\"text\/css\" data-created_by=\"avia_inline_auto\" id=\"style-css-av-adafh3-a07efa6a696ff3af40c44dfeef460a5f\">\n.flex_column.av-adafh3-a07efa6a696ff3af40c44dfeef460a5f{\n-webkit-border-radius:0px 0px 0px 0px;\n-moz-border-radius:0px 0px 0px 0px;\nborder-radius:0px 0px 0px 0px;\npadding:0px 0px 0px 0px;\n}\n<\/style>\n<div class='flex_column av-adafh3-a07efa6a696ff3af40c44dfeef460a5f av_one_third  avia-builder-el-6  el_after_av_hr  el_before_av_one_third  first flex_column_div av-zero-column-padding '     ><p><div  class='avia-button-wrap av-90kbbr-8b82c45adbae89241f72fa3be6013413-wrap avia-button-center  avia-builder-el-7  el_before_av_button  avia-builder-el-first ' ><a href='http:\/\/www.vonsalm.de\/v1'  class='avia-button av-90kbbr-8b82c45adbae89241f72fa3be6013413 avia-icon_select-yes-left-icon avia-size-medium avia-position-center avia-color-theme-color' ><span class='avia_button_icon avia_button_icon_left' aria-hidden='true' data-av_icon='\ue821' data-av_iconfont='entypo-fontello'><\/span><span class='avia_iconbox_title' >Zur\u00fcck zur Homepage<\/span><\/a><\/div><br \/>\n<div  class='avia-button-wrap av-7wtezb-e225cd42202c14afc0d7fde2e2d9d056-wrap avia-button-center  avia-builder-el-8  el_after_av_button  avia-builder-el-last ' ><a href='https:\/\/www.vonsalm.de\/v1\/?page_id=467'  class='avia-button av-7wtezb-e225cd42202c14afc0d7fde2e2d9d056 avia-icon_select-yes-left-icon avia-size-medium avia-position-center avia-color-theme-color' ><span class='avia_button_icon avia_button_icon_left' aria-hidden='true' data-av_icon='\ue823' data-av_iconfont='entypo-fontello'><\/span><span class='avia_iconbox_title' >Datenschutzerkl\u00e4rung<\/span><\/a><\/div><\/p><\/div>\n\n<style type=\"text\/css\" data-created_by=\"avia_inline_auto\" id=\"style-css-av-5jd2iv-4fb01268f9fec8a7d4d28c4b0fb6fed6\">\n.flex_column.av-5jd2iv-4fb01268f9fec8a7d4d28c4b0fb6fed6{\n-webkit-border-radius:0px 0px 0px 0px;\n-moz-border-radius:0px 0px 0px 0px;\nborder-radius:0px 0px 0px 0px;\npadding:0px 0px 0px 0px;\n}\n<\/style>\n<div class='flex_column av-5jd2iv-4fb01268f9fec8a7d4d28c4b0fb6fed6 av_one_third  avia-builder-el-9  el_after_av_one_third  el_before_av_one_third  flex_column_div av-zero-column-padding '     ><\/div>\n\n<style type=\"text\/css\" data-created_by=\"avia_inline_auto\" id=\"style-css-av-4vlvhj-f5f432101867184c1529e1964af52a1e\">\n.flex_column.av-4vlvhj-f5f432101867184c1529e1964af52a1e{\n-webkit-border-radius:0px 0px 0px 0px;\n-moz-border-radius:0px 0px 0px 0px;\nborder-radius:0px 0px 0px 0px;\npadding:0px 0px 0px 0px;\n}\n<\/style>\n<div class='flex_column av-4vlvhj-f5f432101867184c1529e1964af52a1e av_one_third  avia-builder-el-10  el_after_av_one_third  el_before_av_video  flex_column_div av-zero-column-padding '     ><\/div>\n<div  class='avia-video av-82xaf-a559ad24db5bf46743c99b9f48d365f6 avia-video-16:9 av-no-preview-image avia-video-load-always av-lazyload-immediate av-lazyload-video-embed'  itemprop=\"video\" itemtype=\"https:\/\/schema.org\/VideoObject\"  data-original_url=''><script type='text\/html' class='av-video-tmpl'><\/script><div class='av-click-to-play-overlay'><div class=\"avia_playpause_icon\"><\/div><\/div><\/div>\n","protected":false},"excerpt":{"rendered":"","protected":false},"author":1,"featured_media":0,"parent":0,"menu_order":0,"comment_status":"closed","ping_status":"closed","template":"template-blank.php","meta":{"footnotes":""},"class_list":["post-3795","page","type-page","status-publish","hentry"],"aioseo_notices":[],"_links":{"self":[{"href":"https:\/\/www.vonsalm.de\/v1\/index.php?rest_route=\/wp\/v2\/pages\/3795","targetHints":{"allow":["GET"]}}],"collection":[{"href":"https:\/\/www.vonsalm.de\/v1\/index.php?rest_route=\/wp\/v2\/pages"}],"about":[{"href":"https:\/\/www.vonsalm.de\/v1\/index.php?rest_route=\/wp\/v2\/types\/page"}],"author":[{"embeddable":true,"href":"https:\/\/www.vonsalm.de\/v1\/index.php?rest_route=\/wp\/v2\/users\/1"}],"replies":[{"embeddable":true,"href":"https:\/\/www.vonsalm.de\/v1\/index.php?rest_route=%2Fwp%2Fv2%2Fcomments&post=3795"}],"version-history":[{"count":9,"href":"https:\/\/www.vonsalm.de\/v1\/index.php?rest_route=\/wp\/v2\/pages\/3795\/revisions"}],"predecessor-version":[{"id":4092,"href":"https:\/\/www.vonsalm.de\/v1\/index.php?rest_route=\/wp\/v2\/pages\/3795\/revisions\/4092"}],"wp:attachment":[{"href":"https:\/\/www.vonsalm.de\/v1\/index.php?rest_route=%2Fwp%2Fv2%2Fmedia&parent=3795"}],"curies":[{"name":"wp","href":"https:\/\/api.w.org\/{rel}","templated":true}]}}