{"id":2251,"date":"2018-05-01T12:56:24","date_gmt":"2018-05-01T12:56:24","guid":{"rendered":"http:\/\/www.vonsalm.de\/v1\/?page_id=2251"},"modified":"2021-02-14T07:47:21","modified_gmt":"2021-02-14T07:47:21","slug":"essen-stadtwald-lerchenstrasse-36-38","status":"publish","type":"page","link":"https:\/\/www.vonsalm.de\/v1\/?page_id=2251","title":{"rendered":"Essen-Stadtwald, Lerchenstra\u00dfe 36-38"},"content":{"rendered":"<div  class='tabcontainer av-fj8xor-c8f084ca435c1b5d6d74e1dfa55e86e5 top_tab  avia-builder-el-0  avia-builder-el-no-sibling ' role='tablist'>\n<section class='av_tab_section av_tab_section av-do7iyz-59b2d049192d3d7472bbfe0e3a22a00d'  itemscope=\"itemscope\" itemtype=\"https:\/\/schema.org\/CreativeWork\" ><div class='tab active_tab' role='tab' tabindex='0' data-fake-id='#tab-id-1' aria-controls='tab-id-1-content'  itemprop=\"headline\" ><span class='tab_icon' aria-hidden='true' data-av_icon='\ue821' data-av_iconfont='entypo-fontello'><\/span>Essen, Lerchenstra\u00dfe 36-38<\/div><div id='tab-id-1-content' class='tab_content active_tab_content' aria-hidden=\"false\"><div class='tab_inner_content invers-color'  itemprop=\"text\" ><p><strong>Essen \u2013 Stadtwald<\/strong><br \/>\n<strong>Lerchenstra\u00dfe 36-38<\/strong><\/p>\n<p>8 moderne Eigentumswohnungen<\/p>\n<p>Wohnfl\u00e4chen von 89 m\u00b2 bis 154 m\u00b2<br \/>\nab 312.000 \u20ac<\/p>\n<p><a href=\"https:\/\/www.vonsalm.de\/v1\/wp-content\/uploads\/Lerchenstrasse-vorne.jpg\"><img loading=\"lazy\" decoding=\"async\" class=\"alignnone wp-image-2015 size-full lazyload\" data-src=\"https:\/\/www.vonsalm.de\/v1\/wp-content\/uploads\/Lerchenstrasse-vorne.jpg\" alt=\"\" width=\"1600\" height=\"900\" src=\"data:image\/gif;base64,R0lGODlhAQABAAAAACH5BAEKAAEALAAAAAABAAEAAAICTAEAOw==\" style=\"--smush-placeholder-width: 1600px; --smush-placeholder-aspect-ratio: 1600\/900;\" \/><noscript><img loading=\"lazy\" decoding=\"async\" class=\"alignnone wp-image-2015 size-full\" src=\"https:\/\/www.vonsalm.de\/v1\/wp-content\/uploads\/Lerchenstrasse-vorne.jpg\" alt=\"\" width=\"1600\" height=\"900\" \/><\/noscript><\/a><\/p>\n<p><section  class='av_textblock_section av-cnrdbf-90d0d6076f03e78048c9c0ced0269b6e'  itemscope=\"itemscope\" itemtype=\"https:\/\/schema.org\/CreativeWork\" ><div class='avia_textblock'  itemprop=\"text\" ><p>Nutzen Sie soziale Netzwerke und empfehlen Sie dieses Objekt an einen Bekannten:<\/p>\n<\/div><\/section><br \/>\n<\/p>\n<p><strong><em>Highlights<\/em><\/strong><\/p>\n<ul>\n<li>Wohnungsgr\u00f6\u00dfen von ca. 89 -154 m\u00b2<\/li>\n<li>Individuell gestaltbare Grundrisse<\/li>\n<li>Alle B\u00e4der mit Tageslicht<\/li>\n<li>Moderne Fu\u00dfbodenheizung<\/li>\n<li>Die Garagen bieten einen direkten Zugang zum Keller und Aufzug, welcher auf allen Wohnebenen h\u00e4lt<\/li>\n<li>Die Penthousewohnung (Wohnung 8\/ Sternenwald) wird \u00fcber eine Penthousesteuerung direkt angefahren<\/li>\n<li>Gem\u00fctliche Balkone bzw. Dachterrasse<\/li>\n<li>Maisonettewohnung \u00fcber zwei Etagen mit separatem Wohnungseingang<\/li>\n<li>Kaufpreis ab 312.000 Euro<\/li>\n<\/ul>\n<p><strong>F\u00fcr weitere Informationen senden wir Ihnen gerne unser ausf\u00fchrliches Expos\u00e9 zu.<br \/>\nSie k\u00f6nnen ein Expos\u00e9 ganz bequem <a href=\"#tab-id-5\">per E-Mail<\/a> anfordern.<\/strong><\/p>\n<\/div><\/div><\/section>\n<section class='av_tab_section av_tab_section av-9newnf-db7ebbf2a65a31e321e354d22c47e090'  itemscope=\"itemscope\" itemtype=\"https:\/\/schema.org\/CreativeWork\" ><div class='tab' role='tab' tabindex='0' data-fake-id='#tab-id-2' aria-controls='tab-id-2-content'  itemprop=\"headline\" ><span class='tab_icon' aria-hidden='true' data-av_icon='\ue84b' data-av_iconfont='entypo-fontello'><\/span>Preise &amp; Grundrisse<\/div><div id='tab-id-2-content' class='tab_content' aria-hidden=\"true\"><div class='tab_inner_content invers-color'  itemprop=\"text\" ><div  class='avia-button-wrap av-7l10bv-4b46e96b4d8681483dbd5c9a78509c8b-wrap avia-button-left  avia-builder-el-3  el_after_av_sidebar  avia-builder-el-last ' ><a href='https:\/\/www.vonsalm.de\/v1\/wp-content\/uploads\/Preisliste-Lerchenstra\u00dfe-36-38_Homepage-1.pdf'  class='avia-button av-7l10bv-4b46e96b4d8681483dbd5c9a78509c8b avia-icon_select-yes-left-icon avia-size-medium avia-position-left avia-color-theme-color'  target=\"_blank\"  rel=\"noopener noreferrer\"><span class='avia_button_icon avia_button_icon_left' aria-hidden='true' data-av_icon='\ue835' data-av_iconfont='entypo-fontello'><\/span><span class='avia_iconbox_title' >PDF-Datei im Vollbildmodus \u00f6ffnen<\/span><\/a><\/div>\n<div style=\"text-align: left;\"><span style=\"color: #993300;\"><strong>\u00a0\u00a0\u00a0\u00a0 <span style=\"color: #993300;\">Dieses Objekt ist vollst\u00e4ndig verkauft.<\/span><\/strong><\/span><\/div>\n<p><iframe loading=\"lazy\" style=\"width: 100%; height: 700px;\" data-src=\"https:\/\/docs.google.com\/gview?url=https:\/\/www.vonsalm.de\/v1\/wp-content\/uploads\/Preisliste-Lerchenstra\u00dfe-36-38_Homepage-1.pdf&amp;embedded=true\" width=\"300\" height=\"150\" frameborder=\"0\" src=\"data:image\/gif;base64,R0lGODlhAQABAAAAACH5BAEKAAEALAAAAAABAAEAAAICTAEAOw==\" class=\"lazyload\" data-load-mode=\"1\"><\/iframe><\/p>\n<\/div><\/div><\/section>\n<section class='av_tab_section av_tab_section av-6fyygb-20ad079fcc671ff8ca22e111787dabbe'  itemscope=\"itemscope\" itemtype=\"https:\/\/schema.org\/CreativeWork\" ><div class='tab' role='tab' tabindex='0' data-fake-id='#tab-id-3' aria-controls='tab-id-3-content'  itemprop=\"headline\" ><span class='tab_icon' aria-hidden='true' data-av_icon='\ue841' data-av_iconfont='entypo-fontello'><\/span>Lageplan<\/div><div id='tab-id-3-content' class='tab_content' aria-hidden=\"true\"><div class='tab_inner_content invers-color'  itemprop=\"text\" ><p><iframe loading=\"lazy\" style=\"border: 0;\" data-src=\"https:\/\/www.google.com\/maps\/embed?pb=!1m18!1m12!1m3!1d2488.239154829964!2d7.020571315999829!3d51.41703332512696!2m3!1f0!2f0!3f0!3m2!1i1024!2i768!4f13.1!3m3!1m2!1s0x47b8dccf6c6913c5%3A0x304311b07bf5493e!2sLerchenstra%C3%9Fe+36%2C+45134+Essen!5e0!3m2!1sde!2sde!4v1524473903892\" width=\"100%\" height=\"450\" frameborder=\"0\" allowfullscreen=\"allowfullscreen\" src=\"data:image\/gif;base64,R0lGODlhAQABAAAAACH5BAEKAAEALAAAAAABAAEAAAICTAEAOw==\" class=\"lazyload\" data-load-mode=\"1\"><\/iframe><\/p>\n<p><iframe loading=\"lazy\" style=\"border: 0;\" data-src=\"https:\/\/www.google.com\/maps\/embed?pb=!1m18!1m12!1m3!1d29413.87341395352!2d7.042014603461553!3d51.40051872443842!2m3!1f0!2f0!3f0!3m2!1i1024!2i768!4f13.1!3m3!1m2!1s0x47b8dccf6c6913c5%3A0x304311b07bf5493e!2sLerchenstra%C3%9Fe+36%2C+45134+Essen!5e1!3m2!1sde!2sde!4v1524473969108\" width=\"100%\" height=\"450\" frameborder=\"0\" allowfullscreen=\"allowfullscreen\" src=\"data:image\/gif;base64,R0lGODlhAQABAAAAACH5BAEKAAEALAAAAAABAAEAAAICTAEAOw==\" class=\"lazyload\" data-load-mode=\"1\"><\/iframe><\/p>\n<\/div><\/div><\/section>\n<section class='av_tab_section av_tab_section av-3tr3yz-f3f8e28323ab8e64c05dbf1505eb9582'  itemscope=\"itemscope\" itemtype=\"https:\/\/schema.org\/CreativeWork\" ><div class='tab' role='tab' tabindex='0' data-fake-id='#tab-id-4' aria-controls='tab-id-4-content'  itemprop=\"headline\" ><span class='tab_icon' aria-hidden='true' data-av_icon='\ue80f' data-av_iconfont='entypo-fontello'><\/span>Weitere Bilder<\/div><div id='tab-id-4-content' class='tab_content' aria-hidden=\"true\"><div class='tab_inner_content invers-color'  itemprop=\"text\" ><p><a href=\"https:\/\/www.vonsalm.de\/v1\/wp-content\/uploads\/Lerchenstrasse-hinten.jpg\"><img loading=\"lazy\" decoding=\"async\" class=\"alignnone wp-image-2260 size-medium lazyload\" data-src=\"https:\/\/www.vonsalm.de\/v1\/wp-content\/uploads\/Lerchenstrasse-hinten-300x169-300x169.jpg\" alt=\"\" width=\"300\" height=\"169\" src=\"data:image\/gif;base64,R0lGODlhAQABAAAAACH5BAEKAAEALAAAAAABAAEAAAICTAEAOw==\" style=\"--smush-placeholder-width: 300px; --smush-placeholder-aspect-ratio: 300\/169;\" \/><noscript><img loading=\"lazy\" decoding=\"async\" class=\"alignnone wp-image-2260 size-medium\" src=\"https:\/\/www.vonsalm.de\/v1\/wp-content\/uploads\/Lerchenstrasse-hinten-300x169-300x169.jpg\" alt=\"\" width=\"300\" height=\"169\" \/><\/noscript><\/a>\u00a0<a href=\"https:\/\/www.vonsalm.de\/v1\/wp-content\/uploads\/Lerchenstrasse-Aufsicht.jpg\"><img loading=\"lazy\" decoding=\"async\" class=\"alignnone wp-image-2261 size-medium lazyload\" data-src=\"https:\/\/www.vonsalm.de\/v1\/wp-content\/uploads\/Lerchenstrasse-aufsicht-300x169-300x169.jpg\" alt=\"\" width=\"300\" height=\"169\" src=\"data:image\/gif;base64,R0lGODlhAQABAAAAACH5BAEKAAEALAAAAAABAAEAAAICTAEAOw==\" style=\"--smush-placeholder-width: 300px; --smush-placeholder-aspect-ratio: 300\/169;\" \/><noscript><img loading=\"lazy\" decoding=\"async\" class=\"alignnone wp-image-2261 size-medium\" src=\"https:\/\/www.vonsalm.de\/v1\/wp-content\/uploads\/Lerchenstrasse-aufsicht-300x169-300x169.jpg\" alt=\"\" width=\"300\" height=\"169\" \/><\/noscript><\/a><\/p>\n<\/div><\/div><\/section>\n<section class='av_tab_section av_tab_section av-72oej-176c01407b9615d230d45eda31b08af9'  itemscope=\"itemscope\" itemtype=\"https:\/\/schema.org\/CreativeWork\" ><div class='tab' role='tab' tabindex='0' data-fake-id='#tab-id-5' aria-controls='tab-id-5-content'  itemprop=\"headline\" ><span class='tab_icon' aria-hidden='true' data-av_icon='\ue805' data-av_iconfont='entypo-fontello'><\/span>Sofortkontakt<\/div><div id='tab-id-5-content' class='tab_content' aria-hidden=\"true\"><div class='tab_inner_content invers-color'  itemprop=\"text\" ><p><strong><em><img loading=\"lazy\" decoding=\"async\" class=\"alignleft size-medium wp-image-325 lazyload\" data-src=\"https:\/\/www.vonsalm.de\/v1\/wp-content\/uploads\/2016\/05\/2015-09.-Verena-Kroppach1-200x300-200x300.jpg\" alt=\"Verena-Kroppach\" width=\"200\" height=\"300\" src=\"data:image\/gif;base64,R0lGODlhAQABAAAAACH5BAEKAAEALAAAAAABAAEAAAICTAEAOw==\" style=\"--smush-placeholder-width: 200px; --smush-placeholder-aspect-ratio: 200\/300;\" \/><noscript><img loading=\"lazy\" decoding=\"async\" class=\"alignleft size-medium wp-image-325\" src=\"https:\/\/www.vonsalm.de\/v1\/wp-content\/uploads\/2016\/05\/2015-09.-Verena-Kroppach1-200x300-200x300.jpg\" alt=\"Verena-Kroppach\" width=\"200\" height=\"300\" \/><\/noscript>Neubauplanungsgesellschaft<br \/>\nvon Salm-Hoogstraeten mbH<br \/>\nClaudiastr. 53<br \/>\n46537 Dinslaken<br \/>\nTelefon 02064-4277-16<br \/>\nTelefax \/<br \/>\nwww.vonSalm.de<br \/>\nIhr Ansprechpartnerin:<img loading=\"lazy\" decoding=\"async\" data-src=\"https:\/\/www.nbp-vonsalm.de\/cms\/wp-content\/uploads\/platzhalter.jpg\" alt=\"platzhalter\" width=\"11\" height=\"19\" border=\"0\" src=\"data:image\/gif;base64,R0lGODlhAQABAAAAACH5BAEKAAEALAAAAAABAAEAAAICTAEAOw==\" class=\"lazyload\" style=\"--smush-placeholder-width: 11px; --smush-placeholder-aspect-ratio: 11\/19;\" \/><noscript><img loading=\"lazy\" decoding=\"async\" class=\"\" src=\"https:\/\/www.nbp-vonsalm.de\/cms\/wp-content\/uploads\/platzhalter.jpg\" alt=\"platzhalter\" width=\"11\" height=\"19\" border=\"0\" \/><\/noscript><br \/>\nVerena Kroppach<br \/>\n<a href=\"mailto:Verena.Kroppach@vonSalm.de\">Verena.Kroppach@vonSalm.de<\/a><br \/>\n<\/em><\/strong><\/p>\n<hr \/>\n<p><strong>Sofortkontakt<\/strong><\/p>\n<div role=\"form\" class=\"wpcf7\" id=\"wpcf7-f480-o1\" lang=\"de-DE\" dir=\"ltr\">\n<div class=\"screen-reader-response\"><p role=\"status\" aria-live=\"polite\" aria-atomic=\"true\"><\/p> <ul><\/ul><\/div>\n<form action=\"\/v1\/index.php?rest_route=%2Fwp%2Fv2%2Fpages%2F2251#wpcf7-f480-o1\" method=\"post\" class=\"wpcf7-form init\" novalidate=\"novalidate\" data-status=\"init\">\n<div style=\"display: none;\">\n<input type=\"hidden\" name=\"_wpcf7\" value=\"480\" \/>\n<input type=\"hidden\" name=\"_wpcf7_version\" value=\"5.3.2\" \/>\n<input type=\"hidden\" name=\"_wpcf7_locale\" value=\"de_DE\" \/>\n<input type=\"hidden\" name=\"_wpcf7_unit_tag\" value=\"wpcf7-f480-o1\" \/>\n<input type=\"hidden\" name=\"_wpcf7_container_post\" value=\"0\" \/>\n<input type=\"hidden\" name=\"_wpcf7_posted_data_hash\" value=\"\" \/>\n<\/div>\n<p>Ihr Name (Pflichtfeld)<br \/>\n    <span class=\"wpcf7-form-control-wrap your-name\"><input type=\"text\" name=\"your-name\" value=\"\" size=\"40\" class=\"wpcf7-form-control wpcf7-text wpcf7-validates-as-required\" aria-required=\"true\" aria-invalid=\"false\" \/><\/span> <\/p>\n<p>Ihre E-Mail-Adresse (Pflichtfeld)<br \/>\n    <span class=\"wpcf7-form-control-wrap your-email\"><input type=\"email\" name=\"your-email\" value=\"@\" size=\"40\" class=\"wpcf7-form-control wpcf7-text wpcf7-email wpcf7-validates-as-required wpcf7-validates-as-email\" aria-required=\"true\" aria-invalid=\"false\" \/><\/span> <\/p>\n<p>Betreff (Pflichtfeld)<br \/>\n    <span class=\"wpcf7-form-control-wrap your-subject\"><input type=\"text\" name=\"your-subject\" value=\"\" size=\"40\" class=\"wpcf7-form-control wpcf7-text wpcf7-validates-as-required\" aria-required=\"true\" aria-invalid=\"false\" \/><\/span> <\/p>\n<p>Ihre Telefonnummer <br \/>\n    <span class=\"wpcf7-form-control-wrap tel\"><input type=\"text\" name=\"tel\" value=\"\" size=\"40\" class=\"wpcf7-form-control wpcf7-text\" aria-invalid=\"false\" \/><\/span> <\/p>\n<p>Ihre Anschrift <br \/>\n    <span class=\"wpcf7-form-control-wrap anschrift\"><input type=\"text\" name=\"anschrift\" value=\"\" size=\"40\" class=\"wpcf7-form-control wpcf7-text\" aria-invalid=\"false\" \/><\/span> <\/p>\n<p>Ihre Nachricht<br \/>\n    <span class=\"wpcf7-form-control-wrap your-message\"><textarea name=\"your-message\" cols=\"40\" rows=\"10\" class=\"wpcf7-form-control wpcf7-textarea\" aria-invalid=\"false\"><\/textarea><\/span> <\/p>\n<p>M\u00f6chten Sie ein ausf\u00fchrliches Expos\u00e9 erhalten?<\/p>\n<p><span class=\"wpcf7-form-control-wrap menu-727\"><select name=\"menu-727\" class=\"wpcf7-form-control wpcf7-select\" aria-invalid=\"false\"><option value=\"Bitte ausw\u00e4hlen...\">Bitte ausw\u00e4hlen...<\/option><option value=\"Ja (bitte postalische Anschrift oben angeben)\">Ja (bitte postalische Anschrift oben angeben)<\/option><option value=\"Nein\">Nein<\/option><\/select><\/span><\/p>\n<p>Name des Objekts<br \/>\n    <span class=\"wpcf7-form-control-wrap text-240\"><input type=\"text\" name=\"text-240\" value=\"\" size=\"40\" class=\"wpcf7-form-control wpcf7-text\" aria-invalid=\"false\" \/><\/span> <\/p>\n<p><span class=\"wpcf7-form-control-wrap kc_captcha\"><span class=\"wpcf7-form-control wpcf7-radio\"> \n    <span class=\"captcha-image\" >\n        <span class=\"cf7ic_instructions\">Bitte beweise, dass du kein Spambot bist und w\u00e4hle das Symbol<span> LKW<\/span> aus.<\/span><label><input type=\"radio\" name=\"kc_captcha\" value=\"bot\" \/><svg width=\"50px\" height=\"50px\" aria-hidden=\"true\" role=\"img\" xmlns=\"http:\/\/www.w3.org\/2000\/svg\" viewBox=\"0 0 576 512\"><path fill=\"currentColor\" d=\"M414.9 24C361.8 24 312 65.7 288 89.3 264 65.7 214.2 24 161.1 24 70.3 24 16 76.9 16 165.5c0 72.6 66.8 133.3 69.2 135.4l187 180.8c8.8 8.5 22.8 8.5 31.6 0l186.7-180.2c2.7-2.7 69.5-63.5 69.5-136C560 76.9 505.7 24 414.9 24z\"><\/path><\/svg><\/label><label><input type=\"radio\" name=\"kc_captcha\" value=\"bot\" \/><svg width=\"50px\" height=\"50px\" aria-hidden=\"true\" role=\"img\" xmlns=\"http:\/\/www.w3.org\/2000\/svg\" viewBox=\"0 0 512 512\"><path fill=\"currentColor\" d=\"M499.991 168h-54.815l-7.854-20.944c-9.192-24.513-25.425-45.351-46.942-60.263S343.651 64 317.472 64H194.528c-26.18 0-51.391 7.882-72.908 22.793-21.518 14.912-37.75 35.75-46.942 60.263L66.824 168H12.009c-8.191 0-13.974 8.024-11.384 15.795l8 24A12 12 0 0 0 20.009 216h28.815l-.052.14C29.222 227.093 16 247.997 16 272v48c0 16.225 6.049 31.029 16 42.309V424c0 13.255 10.745 24 24 24h48c13.255 0 24-10.745 24-24v-40h256v40c0 13.255 10.745 24 24 24h48c13.255 0 24-10.745 24-24v-61.691c9.951-11.281 16-26.085 16-42.309v-48c0-24.003-13.222-44.907-32.772-55.86l-.052-.14h28.815a12 12 0 0 0 11.384-8.205l8-24c2.59-7.771-3.193-15.795-11.384-15.795zm-365.388 1.528C143.918 144.689 168 128 194.528 128h122.944c26.528 0 50.61 16.689 59.925 41.528L391.824 208H120.176l14.427-38.472zM88 328c-17.673 0-32-14.327-32-32 0-17.673 14.327-32 32-32s48 30.327 48 48-30.327 16-48 16zm336 0c-17.673 0-48 1.673-48-16 0-17.673 30.327-48 48-48s32 14.327 32 32c0 17.673-14.327 32-32 32z\"><\/path><\/svg><\/label><label><input type=\"radio\" name=\"kc_captcha\" value=\"kc_human\" \/><svg width=\"50px\" height=\"50px\" aria-hidden=\"true\" role=\"img\" xmlns=\"http:\/\/www.w3.org\/2000\/svg\" viewBox=\"0 0 640 512\"><path fill=\"currentColor\" d=\"M624 352h-16V243.9c0-12.7-5.1-24.9-14.1-33.9L494 110.1c-9-9-21.2-14.1-33.9-14.1H416V48c0-26.5-21.5-48-48-48H48C21.5 0 0 21.5 0 48v320c0 26.5 21.5 48 48 48h16c0 53 43 96 96 96s96-43 96-96h128c0 53 43 96 96 96s96-43 96-96h48c8.8 0 16-7.2 16-16v-32c0-8.8-7.2-16-16-16zM160 464c-26.5 0-48-21.5-48-48s21.5-48 48-48 48 21.5 48 48-21.5 48-48 48zm320 0c-26.5 0-48-21.5-48-48s21.5-48 48-48 48 21.5 48 48-21.5 48-48 48zm80-208H416V144h44.1l99.9 99.9V256z\"><\/path><\/svg><\/label>\n    <\/span>\n    <span style=\"display:none\">\n        <input type=\"text\" name=\"kc_honeypot\">\n    <\/span><\/span><\/span><\/p>\n<p><span class=\"wpcf7-form-control-wrap datenschutz_aktuell\"><span class=\"wpcf7-form-control wpcf7-acceptance\"><span class=\"wpcf7-list-item\"><input type=\"checkbox\" name=\"datenschutz_aktuell\" value=\"1\" aria-invalid=\"false\" \/><\/span><\/span><\/span> <strong>Einwilligungserkl\u00e4rung Datenschutz<\/strong><br\/><br \/>\nJa, ich habe die <a href=\"https:\/\/www.vonsalm.de\/v1\/?page_id=467\" target=\"_blank\">Datenschutzerkl\u00e4rung<\/a> zur Kenntnis genommen und bin damit einverstanden, dass die von mir angegebenen Daten elektronisch erhoben und gespeichert werden. Meine Daten werden dabei nur streng zweckgebunden zur Bearbeitung und Beantwortung meiner Anfrage benutzt.\n<\/p>\n<p><input type=\"submit\" value=\"Senden\" class=\"wpcf7-form-control wpcf7-submit\" \/><\/p>\n<div class=\"wpcf7-response-output\" aria-hidden=\"true\"><\/div><\/form><\/div>\n<\/div><\/div><\/section>\n<\/div>\n","protected":false},"excerpt":{"rendered":"","protected":false},"author":1,"featured_media":0,"parent":0,"menu_order":0,"comment_status":"closed","ping_status":"closed","template":"","meta":{"footnotes":""},"class_list":["post-2251","page","type-page","status-publish","hentry"],"aioseo_notices":[],"_links":{"self":[{"href":"https:\/\/www.vonsalm.de\/v1\/index.php?rest_route=\/wp\/v2\/pages\/2251","targetHints":{"allow":["GET"]}}],"collection":[{"href":"https:\/\/www.vonsalm.de\/v1\/index.php?rest_route=\/wp\/v2\/pages"}],"about":[{"href":"https:\/\/www.vonsalm.de\/v1\/index.php?rest_route=\/wp\/v2\/types\/page"}],"author":[{"embeddable":true,"href":"https:\/\/www.vonsalm.de\/v1\/index.php?rest_route=\/wp\/v2\/users\/1"}],"replies":[{"embeddable":true,"href":"https:\/\/www.vonsalm.de\/v1\/index.php?rest_route=%2Fwp%2Fv2%2Fcomments&post=2251"}],"version-history":[{"count":22,"href":"https:\/\/www.vonsalm.de\/v1\/index.php?rest_route=\/wp\/v2\/pages\/2251\/revisions"}],"predecessor-version":[{"id":3531,"href":"https:\/\/www.vonsalm.de\/v1\/index.php?rest_route=\/wp\/v2\/pages\/2251\/revisions\/3531"}],"wp:attachment":[{"href":"https:\/\/www.vonsalm.de\/v1\/index.php?rest_route=%2Fwp%2Fv2%2Fmedia&parent=2251"}],"curies":[{"name":"wp","href":"https:\/\/api.w.org\/{rel}","templated":true}]}}