{"id":1845,"date":"2017-05-25T07:05:37","date_gmt":"2017-05-25T07:05:37","guid":{"rendered":"http:\/\/www.vonsalm.de\/v1\/?page_id=1845"},"modified":"2021-02-14T07:47:22","modified_gmt":"2021-02-14T07:47:22","slug":"essen-werden-neukircher-muehle-26-28","status":"publish","type":"page","link":"https:\/\/www.vonsalm.de\/v1\/?page_id=1845","title":{"rendered":"Essen-Werden, Neukircher M\u00fchle 26-28"},"content":{"rendered":"<div  class='tabcontainer av-gbtip1-342d89edd9f0e89025388cfddfbe6a9b top_tab  avia-builder-el-0  avia-builder-el-no-sibling ' role='tablist'>\n<section class='av_tab_section av_tab_section av-dra451-4d1f7d801821dc171c6679d7a3f2c7c7'  itemscope=\"itemscope\" itemtype=\"https:\/\/schema.org\/CreativeWork\" ><div class='tab active_tab' role='tab' tabindex='0' data-fake-id='#tab-id-1' aria-controls='tab-id-1-content'  itemprop=\"headline\" ><span class='tab_icon' aria-hidden='true' data-av_icon='\ue821' data-av_iconfont='entypo-fontello'><\/span>M\u00fchlenterrassen<\/div><div id='tab-id-1-content' class='tab_content active_tab_content' aria-hidden=\"false\"><div class='tab_inner_content invers-color'  itemprop=\"text\" ><p><strong><b>Essen-Werden<\/b><\/strong><br \/>\n<strong><b>Neukircher M\u00fchle 26-28<\/b><\/strong><\/p>\n<p>4 x 5 Wohnungen<\/p>\n<p>Wohnfl\u00e4chen von 75\u00a0m\u00b2 bis 134\u00a0m\u00b2<br \/>\nab 229.900 \u20ac<\/p>\n<p><div style=\"width: 1280px;\" class=\"wp-video\"><!--[if lt IE 9]><script>document.createElement('video');<\/script><![endif]-->\n<video class=\"wp-video-shortcode\" id=\"video-1845-1\" width=\"1280\" height=\"720\" preload=\"auto\" controls=\"controls\"><source type=\"video\/mp4\" src=\"http:\/\/www.vonsalm.de\/v1\/wp-content\/uploads\/mv1.mp4?_=1\" \/><a href=\"http:\/\/www.vonsalm.de\/v1\/wp-content\/uploads\/mv1.mp4\">http:\/\/www.vonsalm.de\/v1\/wp-content\/uploads\/mv1.mp4<\/a><\/video><\/div><br \/>\n<section  class='av_textblock_section av-bvz9x1-08a7371aeaddeb881a0abd082c24e2ff'  itemscope=\"itemscope\" itemtype=\"https:\/\/schema.org\/CreativeWork\" ><div class='avia_textblock'  itemprop=\"text\" ><p>Nutzen Sie soziale Netzwerke und empfehlen Sie dieses Objekt an einen Bekannten:<\/p>\n<\/div><\/section><br \/>\n<\/p>\n<p><strong><em>Highlights<\/em><\/strong><\/p>\n<ul>\n<li>Individuell gestaltbare Grundrisse<\/li>\n<li>Video-Gegensprechanlage<\/li>\n<li>Fu\u00dfbodenheizung\u00a0f\u00fcr Ihre individuelle Wohlf\u00fchltemperatur.<\/li>\n<li>Moderne Aufz\u00fcge\u00a0bringen Sie bequem und barrierefrei von der\u00a0Tiefgarage bis vor Ihre\u00a0 Wohnung.<\/li>\n<li>B\u00e4der verf\u00fcgen \u00fcber Fenster und bieten Tageslicht<\/li>\n<\/ul>\n<p><strong>F\u00fcr weitere Informationen senden wir Ihnen gerne unser ausf\u00fchrliches Expos\u00e9 zu.<br \/>\nSie k\u00f6nnen ein Expos\u00e9 ganz bequem <a href=\"#tab-id-5\">per E-Mail<\/a> anfordern.<\/strong><\/p>\n<\/div><\/div><\/section>\n<section class='av_tab_section av_tab_section av-yfjc5-f8857df8efc8a852d774c21523121a9d'  itemscope=\"itemscope\" itemtype=\"https:\/\/schema.org\/CreativeWork\" ><div class='tab' role='tab' tabindex='0' data-fake-id='#tab-id-2' aria-controls='tab-id-2-content'  itemprop=\"headline\" ><span class='tab_icon' aria-hidden='true' data-av_icon='\ue84b' data-av_iconfont='entypo-fontello'><\/span>Preise &amp; Grundrisse<\/div><div id='tab-id-2-content' class='tab_content' aria-hidden=\"true\"><div class='tab_inner_content invers-color'  itemprop=\"text\" ><div  class='avia-button-wrap av-71lu9h-1ffe4cffb17d54c70b1dfd18b6b5747d-wrap avia-button-left  avia-builder-el-3  el_after_av_sidebar  avia-builder-el-last ' ><a href='https:\/\/www.vonsalm.de\/v1\/wp-content\/uploads\/preisliste_neukircher_muehle-1.pdf'  class='avia-button av-71lu9h-1ffe4cffb17d54c70b1dfd18b6b5747d avia-icon_select-yes-left-icon avia-size-medium avia-position-left avia-color-theme-color'  target=\"_blank\"  rel=\"noopener noreferrer\"><span class='avia_button_icon avia_button_icon_left' aria-hidden='true' data-av_icon='\ue835' data-av_iconfont='entypo-fontello'><\/span><span class='avia_iconbox_title' >PDF-Datei im Vollbildmodus \u00f6ffnen<\/span><\/a><\/div>\n<div style=\"float: left; line-height: 44px; font-weight: bold; margin-left: 15px; color: #880000;\"><\/div>\n<p><iframe loading=\"lazy\" style=\"width: 100%; height: 700px;\" data-src=\"https:\/\/docs.google.com\/gview?url=https:\/\/www.vonsalm.de\/v1\/wp-content\/uploads\/preisliste_neukircher_muehle-1.pdf&amp;embedded=true\" width=\"300\" height=\"150\" frameborder=\"0\" src=\"data:image\/gif;base64,R0lGODlhAQABAAAAACH5BAEKAAEALAAAAAABAAEAAAICTAEAOw==\" class=\"lazyload\" data-load-mode=\"1\"><\/iframe><\/p>\n<\/div><\/div><\/section>\n<section class='av_tab_section av_tab_section av-5qdb4l-48d25f5006086987b610cfcf8aa77d79'  itemscope=\"itemscope\" itemtype=\"https:\/\/schema.org\/CreativeWork\" ><div class='tab' role='tab' tabindex='0' data-fake-id='#tab-id-3' aria-controls='tab-id-3-content'  itemprop=\"headline\" ><span class='tab_icon' aria-hidden='true' data-av_icon='\ue841' data-av_iconfont='entypo-fontello'><\/span>Lageplan<\/div><div id='tab-id-3-content' class='tab_content' aria-hidden=\"true\"><div class='tab_inner_content invers-color'  itemprop=\"text\" ><p><iframe loading=\"lazy\" style=\"border: 0;\" data-src=\"https:\/\/www.google.com\/maps\/embed?pb=!1m18!1m12!1m3!1d2994.9328027679294!2d6.999691315903451!3d51.39449332677295!2m3!1f0!2f0!3f0!3m2!1i1024!2i768!4f13.1!3m3!1m2!1s0x47b8c3548989b6cb%3A0xd79d4234f733d832!2sNeukircher+M%C3%BChle+26%2C+45239+Essen%2C+Germany!5e1!3m2!1sen!2suk!4v1493992945433\" width=\"100%\" height=\"600\" frameborder=\"0\" allowfullscreen=\"allowfullscreen\" src=\"data:image\/gif;base64,R0lGODlhAQABAAAAACH5BAEKAAEALAAAAAABAAEAAAICTAEAOw==\" class=\"lazyload\" data-load-mode=\"1\"><\/iframe><\/p>\n<p><iframe loading=\"lazy\" style=\"border: 0;\" data-src=\"https:\/\/www.google.com\/maps\/embed?pb=!1m18!1m12!1m3!1d2489.4660969370307!2d6.9996913157658245!3d51.39448997961666!2m3!1f0!2f0!3f0!3m2!1i1024!2i768!4f13.1!3m3!1m2!1s0x47b8c3548989b6cb%3A0xd79d4234f733d832!2sNeukircher+M%C3%BChle+26%2C+45239+Essen%2C+Germany!5e0!3m2!1sen!2suk!4v1493992864710\" width=\"100%\" height=\"600\" frameborder=\"0\" allowfullscreen=\"allowfullscreen\" src=\"data:image\/gif;base64,R0lGODlhAQABAAAAACH5BAEKAAEALAAAAAABAAEAAAICTAEAOw==\" class=\"lazyload\" data-load-mode=\"1\"><\/iframe><\/p>\n<\/div><\/div><\/section>\n<section class='av_tab_section av_tab_section av-dtanp-dbc5d254e0bf8f0ac0cef9368558cf69'  itemscope=\"itemscope\" itemtype=\"https:\/\/schema.org\/CreativeWork\" ><div class='tab' role='tab' tabindex='0' data-fake-id='#tab-id-4' aria-controls='tab-id-4-content'  itemprop=\"headline\" ><span class='tab_icon' aria-hidden='true' data-av_icon='\ue80f' data-av_iconfont='entypo-fontello'><\/span>Weitere Bilder<\/div><div id='tab-id-4-content' class='tab_content' aria-hidden=\"true\"><div class='tab_inner_content invers-color'  itemprop=\"text\" ><p><a href=\"https:\/\/www.vonsalm.de\/v1\/wp-content\/uploads\/Neukircher-1a-Desktop-Resolution.jpg\"><img loading=\"lazy\" decoding=\"async\" class=\"alignnone size-medium wp-image-1881 lazyload\" data-src=\"https:\/\/www.vonsalm.de\/v1\/wp-content\/uploads\/Neukircher-1a-Desktop-Resolution-300x169.jpg\" alt=\"neukircher-1a-desktop-resolution\" width=\"300\" height=\"169\" data-srcset=\"https:\/\/www.vonsalm.de\/v1\/wp-content\/uploads\/Neukircher-1a-Desktop-Resolution-300x169.jpg 300w, https:\/\/www.vonsalm.de\/v1\/wp-content\/uploads\/Neukircher-1a-Desktop-Resolution-1030x579.jpg 1030w, https:\/\/www.vonsalm.de\/v1\/wp-content\/uploads\/Neukircher-1a-Desktop-Resolution-1500x844.jpg 1500w, https:\/\/www.vonsalm.de\/v1\/wp-content\/uploads\/Neukircher-1a-Desktop-Resolution-705x397.jpg 705w, https:\/\/www.vonsalm.de\/v1\/wp-content\/uploads\/Neukircher-1a-Desktop-Resolution-450x253.jpg 450w, https:\/\/www.vonsalm.de\/v1\/wp-content\/uploads\/Neukircher-1a-Desktop-Resolution.jpg 1680w\" data-sizes=\"auto, (max-width: 300px) 100vw, 300px\" src=\"data:image\/gif;base64,R0lGODlhAQABAAAAACH5BAEKAAEALAAAAAABAAEAAAICTAEAOw==\" style=\"--smush-placeholder-width: 300px; --smush-placeholder-aspect-ratio: 300\/169;\" \/><noscript><img loading=\"lazy\" decoding=\"async\" class=\"alignnone size-medium wp-image-1881\" src=\"https:\/\/www.vonsalm.de\/v1\/wp-content\/uploads\/Neukircher-1a-Desktop-Resolution-300x169.jpg\" alt=\"neukircher-1a-desktop-resolution\" width=\"300\" height=\"169\" srcset=\"https:\/\/www.vonsalm.de\/v1\/wp-content\/uploads\/Neukircher-1a-Desktop-Resolution-300x169.jpg 300w, https:\/\/www.vonsalm.de\/v1\/wp-content\/uploads\/Neukircher-1a-Desktop-Resolution-1030x579.jpg 1030w, https:\/\/www.vonsalm.de\/v1\/wp-content\/uploads\/Neukircher-1a-Desktop-Resolution-1500x844.jpg 1500w, https:\/\/www.vonsalm.de\/v1\/wp-content\/uploads\/Neukircher-1a-Desktop-Resolution-705x397.jpg 705w, https:\/\/www.vonsalm.de\/v1\/wp-content\/uploads\/Neukircher-1a-Desktop-Resolution-450x253.jpg 450w, https:\/\/www.vonsalm.de\/v1\/wp-content\/uploads\/Neukircher-1a-Desktop-Resolution.jpg 1680w\" sizes=\"auto, (max-width: 300px) 100vw, 300px\" \/><\/noscript><\/a><a href=\"https:\/\/www.vonsalm.de\/v1\/wp-content\/uploads\/Neukircher-3-Desktop-Resolution.jpg\">\u00a0<\/a><a href=\"https:\/\/www.vonsalm.de\/v1\/wp-content\/uploads\/Neukircher-2-Desktop-Resolution.jpg\"><img loading=\"lazy\" decoding=\"async\" class=\"alignnone size-medium wp-image-1882 lazyload\" data-src=\"https:\/\/www.vonsalm.de\/v1\/wp-content\/uploads\/Neukircher-2-Desktop-Resolution-300x169.jpg\" alt=\"neukircher-2-desktop-resolution\" width=\"300\" height=\"169\" data-srcset=\"https:\/\/www.vonsalm.de\/v1\/wp-content\/uploads\/Neukircher-2-Desktop-Resolution-300x169.jpg 300w, https:\/\/www.vonsalm.de\/v1\/wp-content\/uploads\/Neukircher-2-Desktop-Resolution-1030x579.jpg 1030w, https:\/\/www.vonsalm.de\/v1\/wp-content\/uploads\/Neukircher-2-Desktop-Resolution-1500x844.jpg 1500w, https:\/\/www.vonsalm.de\/v1\/wp-content\/uploads\/Neukircher-2-Desktop-Resolution-705x397.jpg 705w, https:\/\/www.vonsalm.de\/v1\/wp-content\/uploads\/Neukircher-2-Desktop-Resolution-450x253.jpg 450w, https:\/\/www.vonsalm.de\/v1\/wp-content\/uploads\/Neukircher-2-Desktop-Resolution.jpg 1680w\" data-sizes=\"auto, (max-width: 300px) 100vw, 300px\" src=\"data:image\/gif;base64,R0lGODlhAQABAAAAACH5BAEKAAEALAAAAAABAAEAAAICTAEAOw==\" style=\"--smush-placeholder-width: 300px; --smush-placeholder-aspect-ratio: 300\/169;\" \/><noscript><img loading=\"lazy\" decoding=\"async\" class=\"alignnone size-medium wp-image-1882\" src=\"https:\/\/www.vonsalm.de\/v1\/wp-content\/uploads\/Neukircher-2-Desktop-Resolution-300x169.jpg\" alt=\"neukircher-2-desktop-resolution\" width=\"300\" height=\"169\" srcset=\"https:\/\/www.vonsalm.de\/v1\/wp-content\/uploads\/Neukircher-2-Desktop-Resolution-300x169.jpg 300w, https:\/\/www.vonsalm.de\/v1\/wp-content\/uploads\/Neukircher-2-Desktop-Resolution-1030x579.jpg 1030w, https:\/\/www.vonsalm.de\/v1\/wp-content\/uploads\/Neukircher-2-Desktop-Resolution-1500x844.jpg 1500w, https:\/\/www.vonsalm.de\/v1\/wp-content\/uploads\/Neukircher-2-Desktop-Resolution-705x397.jpg 705w, https:\/\/www.vonsalm.de\/v1\/wp-content\/uploads\/Neukircher-2-Desktop-Resolution-450x253.jpg 450w, https:\/\/www.vonsalm.de\/v1\/wp-content\/uploads\/Neukircher-2-Desktop-Resolution.jpg 1680w\" sizes=\"auto, (max-width: 300px) 100vw, 300px\" \/><\/noscript><\/a><a href=\"https:\/\/www.vonsalm.de\/v1\/wp-content\/uploads\/Neukircher-3-Desktop-Resolution.jpg\">\u00a0<img loading=\"lazy\" decoding=\"async\" class=\"alignnone size-medium wp-image-1883 lazyload\" data-src=\"https:\/\/www.vonsalm.de\/v1\/wp-content\/uploads\/Neukircher-3-Desktop-Resolution-300x169.jpg\" alt=\"neukircher-3-desktop-resolution\" width=\"300\" height=\"169\" data-srcset=\"https:\/\/www.vonsalm.de\/v1\/wp-content\/uploads\/Neukircher-3-Desktop-Resolution-300x169.jpg 300w, https:\/\/www.vonsalm.de\/v1\/wp-content\/uploads\/Neukircher-3-Desktop-Resolution-1030x579.jpg 1030w, https:\/\/www.vonsalm.de\/v1\/wp-content\/uploads\/Neukircher-3-Desktop-Resolution-1500x844.jpg 1500w, https:\/\/www.vonsalm.de\/v1\/wp-content\/uploads\/Neukircher-3-Desktop-Resolution-705x397.jpg 705w, https:\/\/www.vonsalm.de\/v1\/wp-content\/uploads\/Neukircher-3-Desktop-Resolution-450x253.jpg 450w, https:\/\/www.vonsalm.de\/v1\/wp-content\/uploads\/Neukircher-3-Desktop-Resolution.jpg 1680w\" data-sizes=\"auto, (max-width: 300px) 100vw, 300px\" src=\"data:image\/gif;base64,R0lGODlhAQABAAAAACH5BAEKAAEALAAAAAABAAEAAAICTAEAOw==\" style=\"--smush-placeholder-width: 300px; --smush-placeholder-aspect-ratio: 300\/169;\" \/><noscript><img loading=\"lazy\" decoding=\"async\" class=\"alignnone size-medium wp-image-1883\" src=\"https:\/\/www.vonsalm.de\/v1\/wp-content\/uploads\/Neukircher-3-Desktop-Resolution-300x169.jpg\" alt=\"neukircher-3-desktop-resolution\" width=\"300\" height=\"169\" srcset=\"https:\/\/www.vonsalm.de\/v1\/wp-content\/uploads\/Neukircher-3-Desktop-Resolution-300x169.jpg 300w, https:\/\/www.vonsalm.de\/v1\/wp-content\/uploads\/Neukircher-3-Desktop-Resolution-1030x579.jpg 1030w, https:\/\/www.vonsalm.de\/v1\/wp-content\/uploads\/Neukircher-3-Desktop-Resolution-1500x844.jpg 1500w, https:\/\/www.vonsalm.de\/v1\/wp-content\/uploads\/Neukircher-3-Desktop-Resolution-705x397.jpg 705w, https:\/\/www.vonsalm.de\/v1\/wp-content\/uploads\/Neukircher-3-Desktop-Resolution-450x253.jpg 450w, https:\/\/www.vonsalm.de\/v1\/wp-content\/uploads\/Neukircher-3-Desktop-Resolution.jpg 1680w\" sizes=\"auto, (max-width: 300px) 100vw, 300px\" \/><\/noscript><\/a>\u00a0<a href=\"https:\/\/www.vonsalm.de\/v1\/wp-content\/uploads\/Neukircher-4-Desktop-Resolution.jpg\"><img loading=\"lazy\" decoding=\"async\" class=\"alignnone size-medium wp-image-1880 lazyload\" data-src=\"https:\/\/www.vonsalm.de\/v1\/wp-content\/uploads\/Neukircher-4-Desktop-Resolution-300x169.jpg\" alt=\"neukircher-4-desktop-resolution\" width=\"300\" height=\"169\" data-srcset=\"https:\/\/www.vonsalm.de\/v1\/wp-content\/uploads\/Neukircher-4-Desktop-Resolution-300x169.jpg 300w, https:\/\/www.vonsalm.de\/v1\/wp-content\/uploads\/Neukircher-4-Desktop-Resolution-1030x579.jpg 1030w, https:\/\/www.vonsalm.de\/v1\/wp-content\/uploads\/Neukircher-4-Desktop-Resolution-1500x844.jpg 1500w, https:\/\/www.vonsalm.de\/v1\/wp-content\/uploads\/Neukircher-4-Desktop-Resolution-705x397.jpg 705w, https:\/\/www.vonsalm.de\/v1\/wp-content\/uploads\/Neukircher-4-Desktop-Resolution-450x253.jpg 450w, https:\/\/www.vonsalm.de\/v1\/wp-content\/uploads\/Neukircher-4-Desktop-Resolution.jpg 1680w\" data-sizes=\"auto, (max-width: 300px) 100vw, 300px\" src=\"data:image\/gif;base64,R0lGODlhAQABAAAAACH5BAEKAAEALAAAAAABAAEAAAICTAEAOw==\" style=\"--smush-placeholder-width: 300px; --smush-placeholder-aspect-ratio: 300\/169;\" \/><noscript><img loading=\"lazy\" decoding=\"async\" class=\"alignnone size-medium wp-image-1880\" src=\"https:\/\/www.vonsalm.de\/v1\/wp-content\/uploads\/Neukircher-4-Desktop-Resolution-300x169.jpg\" alt=\"neukircher-4-desktop-resolution\" width=\"300\" height=\"169\" srcset=\"https:\/\/www.vonsalm.de\/v1\/wp-content\/uploads\/Neukircher-4-Desktop-Resolution-300x169.jpg 300w, https:\/\/www.vonsalm.de\/v1\/wp-content\/uploads\/Neukircher-4-Desktop-Resolution-1030x579.jpg 1030w, https:\/\/www.vonsalm.de\/v1\/wp-content\/uploads\/Neukircher-4-Desktop-Resolution-1500x844.jpg 1500w, https:\/\/www.vonsalm.de\/v1\/wp-content\/uploads\/Neukircher-4-Desktop-Resolution-705x397.jpg 705w, https:\/\/www.vonsalm.de\/v1\/wp-content\/uploads\/Neukircher-4-Desktop-Resolution-450x253.jpg 450w, https:\/\/www.vonsalm.de\/v1\/wp-content\/uploads\/Neukircher-4-Desktop-Resolution.jpg 1680w\" sizes=\"auto, (max-width: 300px) 100vw, 300px\" \/><\/noscript><\/a><\/p>\n<\/div><\/div><\/section>\n<section class='av_tab_section av_tab_section av-a6c5h-4203ac2739a6a0c0647497c5bbe15af4'  itemscope=\"itemscope\" itemtype=\"https:\/\/schema.org\/CreativeWork\" ><div class='tab' role='tab' tabindex='0' data-fake-id='#tab-id-5' aria-controls='tab-id-5-content'  itemprop=\"headline\" ><span class='tab_icon' aria-hidden='true' data-av_icon='\ue805' data-av_iconfont='entypo-fontello'><\/span>Sofortkontakt<\/div><div id='tab-id-5-content' class='tab_content' aria-hidden=\"true\"><div class='tab_inner_content invers-color'  itemprop=\"text\" ><p><strong><em><img loading=\"lazy\" decoding=\"async\" class=\"alignleft size-medium wp-image-325 lazyload\" data-src=\"https:\/\/www.vonsalm.de\/v1\/wp-content\/uploads\/2016\/05\/2015-09.-Verena-Kroppach1-200x300-200x300.jpg\" alt=\"Verena-Kroppach\" width=\"200\" height=\"300\" src=\"data:image\/gif;base64,R0lGODlhAQABAAAAACH5BAEKAAEALAAAAAABAAEAAAICTAEAOw==\" style=\"--smush-placeholder-width: 200px; --smush-placeholder-aspect-ratio: 200\/300;\" \/><noscript><img loading=\"lazy\" decoding=\"async\" class=\"alignleft size-medium wp-image-325\" src=\"https:\/\/www.vonsalm.de\/v1\/wp-content\/uploads\/2016\/05\/2015-09.-Verena-Kroppach1-200x300-200x300.jpg\" alt=\"Verena-Kroppach\" width=\"200\" height=\"300\" \/><\/noscript>Neubauplanungsgesellschaft<br \/>\nvon Salm-Hoogstraeten mbH<br \/>\nClaudiastr. 53<br \/>\n46537 Dinslaken<br \/>\nTelefon 02064-4277-16<br \/>\nTelefax \/<br \/>\nwww.vonSalm.de<br \/>\nIhr Ansprechpartnerin:<img loading=\"lazy\" decoding=\"async\" data-src=\"https:\/\/www.nbp-vonsalm.de\/cms\/wp-content\/uploads\/platzhalter.jpg\" alt=\"platzhalter\" width=\"11\" height=\"19\" border=\"0\" src=\"data:image\/gif;base64,R0lGODlhAQABAAAAACH5BAEKAAEALAAAAAABAAEAAAICTAEAOw==\" class=\"lazyload\" style=\"--smush-placeholder-width: 11px; --smush-placeholder-aspect-ratio: 11\/19;\" \/><noscript><img loading=\"lazy\" decoding=\"async\" class=\"\" src=\"https:\/\/www.nbp-vonsalm.de\/cms\/wp-content\/uploads\/platzhalter.jpg\" alt=\"platzhalter\" width=\"11\" height=\"19\" border=\"0\" \/><\/noscript><br \/>\nVerena Kroppach<br \/>\n<a href=\"mailto:Verena.Kroppach@vonSalm.de\">Verena.Kroppach@vonSalm.de<\/a><br \/>\n<\/em><\/strong><\/p>\n<hr \/>\n<p><strong>Sofortkontakt<\/strong><\/p>\n<div role=\"form\" class=\"wpcf7\" id=\"wpcf7-f480-o1\" lang=\"de-DE\" dir=\"ltr\">\n<div class=\"screen-reader-response\"><p role=\"status\" aria-live=\"polite\" aria-atomic=\"true\"><\/p> <ul><\/ul><\/div>\n<form action=\"\/v1\/index.php?rest_route=%2Fwp%2Fv2%2Fpages%2F1845#wpcf7-f480-o1\" method=\"post\" class=\"wpcf7-form init\" novalidate=\"novalidate\" data-status=\"init\">\n<div style=\"display: none;\">\n<input type=\"hidden\" name=\"_wpcf7\" value=\"480\" \/>\n<input type=\"hidden\" name=\"_wpcf7_version\" value=\"5.3.2\" \/>\n<input type=\"hidden\" name=\"_wpcf7_locale\" value=\"de_DE\" \/>\n<input type=\"hidden\" name=\"_wpcf7_unit_tag\" value=\"wpcf7-f480-o1\" \/>\n<input type=\"hidden\" name=\"_wpcf7_container_post\" value=\"0\" \/>\n<input type=\"hidden\" name=\"_wpcf7_posted_data_hash\" value=\"\" \/>\n<\/div>\n<p>Ihr Name (Pflichtfeld)<br \/>\n    <span class=\"wpcf7-form-control-wrap your-name\"><input type=\"text\" name=\"your-name\" value=\"\" size=\"40\" class=\"wpcf7-form-control wpcf7-text wpcf7-validates-as-required\" aria-required=\"true\" aria-invalid=\"false\" \/><\/span> <\/p>\n<p>Ihre E-Mail-Adresse (Pflichtfeld)<br \/>\n    <span class=\"wpcf7-form-control-wrap your-email\"><input type=\"email\" name=\"your-email\" value=\"@\" size=\"40\" class=\"wpcf7-form-control wpcf7-text wpcf7-email wpcf7-validates-as-required wpcf7-validates-as-email\" aria-required=\"true\" aria-invalid=\"false\" \/><\/span> <\/p>\n<p>Betreff (Pflichtfeld)<br \/>\n    <span class=\"wpcf7-form-control-wrap your-subject\"><input type=\"text\" name=\"your-subject\" value=\"\" size=\"40\" class=\"wpcf7-form-control wpcf7-text wpcf7-validates-as-required\" aria-required=\"true\" aria-invalid=\"false\" \/><\/span> <\/p>\n<p>Ihre Telefonnummer <br \/>\n    <span class=\"wpcf7-form-control-wrap tel\"><input type=\"text\" name=\"tel\" value=\"\" size=\"40\" class=\"wpcf7-form-control wpcf7-text\" aria-invalid=\"false\" \/><\/span> <\/p>\n<p>Ihre Anschrift <br \/>\n    <span class=\"wpcf7-form-control-wrap anschrift\"><input type=\"text\" name=\"anschrift\" value=\"\" size=\"40\" class=\"wpcf7-form-control wpcf7-text\" aria-invalid=\"false\" \/><\/span> <\/p>\n<p>Ihre Nachricht<br \/>\n    <span class=\"wpcf7-form-control-wrap your-message\"><textarea name=\"your-message\" cols=\"40\" rows=\"10\" class=\"wpcf7-form-control wpcf7-textarea\" aria-invalid=\"false\"><\/textarea><\/span> <\/p>\n<p>M\u00f6chten Sie ein ausf\u00fchrliches Expos\u00e9 erhalten?<\/p>\n<p><span class=\"wpcf7-form-control-wrap menu-727\"><select name=\"menu-727\" class=\"wpcf7-form-control wpcf7-select\" aria-invalid=\"false\"><option value=\"Bitte ausw\u00e4hlen...\">Bitte ausw\u00e4hlen...<\/option><option value=\"Ja (bitte postalische Anschrift oben angeben)\">Ja (bitte postalische Anschrift oben angeben)<\/option><option value=\"Nein\">Nein<\/option><\/select><\/span><\/p>\n<p>Name des Objekts<br \/>\n    <span class=\"wpcf7-form-control-wrap text-240\"><input type=\"text\" name=\"text-240\" value=\"\" size=\"40\" class=\"wpcf7-form-control wpcf7-text\" aria-invalid=\"false\" \/><\/span> <\/p>\n<p><span class=\"wpcf7-form-control-wrap kc_captcha\"><span class=\"wpcf7-form-control wpcf7-radio\"> \n    <span class=\"captcha-image\" >\n        <span class=\"cf7ic_instructions\">Bitte beweise, dass du kein Spambot bist und w\u00e4hle das Symbol<span> Tasse<\/span> aus.<\/span><label><input type=\"radio\" name=\"kc_captcha\" value=\"bot\" \/><svg width=\"50px\" height=\"50px\" aria-hidden=\"true\" role=\"img\" xmlns=\"http:\/\/www.w3.org\/2000\/svg\" viewBox=\"0 0 576 512\"><path fill=\"currentColor\" d=\"M488 312.7V456c0 13.3-10.7 24-24 24H348c-6.6 0-12-5.4-12-12V356c0-6.6-5.4-12-12-12h-72c-6.6 0-12 5.4-12 12v112c0 6.6-5.4 12-12 12H112c-13.3 0-24-10.7-24-24V312.7c0-3.6 1.6-7 4.4-9.3l188-154.8c4.4-3.6 10.8-3.6 15.3 0l188 154.8c2.7 2.3 4.3 5.7 4.3 9.3zm83.6-60.9L488 182.9V44.4c0-6.6-5.4-12-12-12h-56c-6.6 0-12 5.4-12 12V117l-89.5-73.7c-17.7-14.6-43.3-14.6-61 0L4.4 251.8c-5.1 4.2-5.8 11.8-1.6 16.9l25.5 31c4.2 5.1 11.8 5.8 16.9 1.6l235.2-193.7c4.4-3.6 10.8-3.6 15.3 0l235.2 193.7c5.1 4.2 12.7 3.5 16.9-1.6l25.5-31c4.2-5.2 3.4-12.7-1.7-16.9z\"><\/path><\/svg><\/label><label><input type=\"radio\" name=\"kc_captcha\" value=\"kc_human\" \/><svg width=\"50px\" height=\"50px\" aria-hidden=\"true\" role=\"img\" xmlns=\"http:\/\/www.w3.org\/2000\/svg\" viewBox=\"0 0 640 512\"><path fill=\"currentColor\" d=\"M192 384h192c53 0 96-43 96-96h32c70.6 0 128-57.4 128-128S582.6 32 512 32H120c-13.3 0-24 10.7-24 24v232c0 53 43 96 96 96zM512 96c35.3 0 64 28.7 64 64s-28.7 64-64 64h-32V96h32zm47.7 384H48.3c-47.6 0-61-64-36-64h583.3c25 0 11.8 64-35.9 64z\"><\/path><\/svg><\/label><label><input type=\"radio\" name=\"kc_captcha\" value=\"bot\" \/><svg width=\"50px\" height=\"50px\" aria-hidden=\"true\" role=\"img\" xmlns=\"http:\/\/www.w3.org\/2000\/svg\" viewBox=\"0 0 384 512\"><path fill=\"currentColor\" d=\"M377.33 375.429L293.906 288H328c21.017 0 31.872-25.207 17.448-40.479L262.79 160H296c20.878 0 31.851-24.969 17.587-40.331l-104-112.003c-9.485-10.214-25.676-10.229-35.174 0l-104 112.003C56.206 134.969 67.037 160 88 160h33.21l-82.659 87.521C24.121 262.801 34.993 288 56 288h34.094L6.665 375.429C-7.869 390.655 2.925 416 24.025 416H144c0 32.781-11.188 49.26-33.995 67.506C98.225 492.93 104.914 512 120 512h144c15.086 0 21.776-19.069 9.995-28.494-19.768-15.814-33.992-31.665-33.995-67.496V416h119.97c21.05 0 31.929-25.309 17.36-40.571z\"><\/path><\/svg><\/label>\n    <\/span>\n    <span style=\"display:none\">\n        <input type=\"text\" name=\"kc_honeypot\">\n    <\/span><\/span><\/span><\/p>\n<p><span class=\"wpcf7-form-control-wrap datenschutz_aktuell\"><span class=\"wpcf7-form-control wpcf7-acceptance\"><span class=\"wpcf7-list-item\"><input type=\"checkbox\" name=\"datenschutz_aktuell\" value=\"1\" aria-invalid=\"false\" \/><\/span><\/span><\/span> <strong>Einwilligungserkl\u00e4rung Datenschutz<\/strong><br\/><br \/>\nJa, ich habe die <a href=\"https:\/\/www.vonsalm.de\/v1\/?page_id=467\" target=\"_blank\">Datenschutzerkl\u00e4rung<\/a> zur Kenntnis genommen und bin damit einverstanden, dass die von mir angegebenen Daten elektronisch erhoben und gespeichert werden. Meine Daten werden dabei nur streng zweckgebunden zur Bearbeitung und Beantwortung meiner Anfrage benutzt.\n<\/p>\n<p><input type=\"submit\" value=\"Senden\" class=\"wpcf7-form-control wpcf7-submit\" \/><\/p>\n<div class=\"wpcf7-response-output\" aria-hidden=\"true\"><\/div><\/form><\/div>\n<\/div><\/div><\/section>\n<\/div>\n","protected":false},"excerpt":{"rendered":"","protected":false},"author":1,"featured_media":0,"parent":0,"menu_order":0,"comment_status":"closed","ping_status":"closed","template":"","meta":{"footnotes":""},"class_list":["post-1845","page","type-page","status-publish","hentry"],"aioseo_notices":[],"_links":{"self":[{"href":"https:\/\/www.vonsalm.de\/v1\/index.php?rest_route=\/wp\/v2\/pages\/1845","targetHints":{"allow":["GET"]}}],"collection":[{"href":"https:\/\/www.vonsalm.de\/v1\/index.php?rest_route=\/wp\/v2\/pages"}],"about":[{"href":"https:\/\/www.vonsalm.de\/v1\/index.php?rest_route=\/wp\/v2\/types\/page"}],"author":[{"embeddable":true,"href":"https:\/\/www.vonsalm.de\/v1\/index.php?rest_route=\/wp\/v2\/users\/1"}],"replies":[{"embeddable":true,"href":"https:\/\/www.vonsalm.de\/v1\/index.php?rest_route=%2Fwp%2Fv2%2Fcomments&post=1845"}],"version-history":[{"count":25,"href":"https:\/\/www.vonsalm.de\/v1\/index.php?rest_route=\/wp\/v2\/pages\/1845\/revisions"}],"predecessor-version":[{"id":3533,"href":"https:\/\/www.vonsalm.de\/v1\/index.php?rest_route=\/wp\/v2\/pages\/1845\/revisions\/3533"}],"wp:attachment":[{"href":"https:\/\/www.vonsalm.de\/v1\/index.php?rest_route=%2Fwp%2Fv2%2Fmedia&parent=1845"}],"curies":[{"name":"wp","href":"https:\/\/api.w.org\/{rel}","templated":true}]}}